Last updated on 2021-04-21 23:48:10 CEST.
Flavor | Version | Tinstall | Tcheck | Ttotal | Status | Flags |
---|---|---|---|---|---|---|
r-devel-linux-x86_64-debian-clang | 1.1.2 | 52.95 | 186.04 | 238.99 | OK | |
r-devel-linux-x86_64-debian-gcc | 1.1.2 | 39.63 | 135.73 | 175.36 | OK | |
r-devel-linux-x86_64-fedora-clang | 1.1.2 | 314.32 | NOTE | |||
r-devel-linux-x86_64-fedora-gcc | 1.1.2 | 303.85 | OK | |||
r-devel-windows-ix86+x86_64 | 1.1.2 | 128.00 | 240.00 | 368.00 | OK | |
r-devel-windows-x86_64-gcc10-UCRT | 1.1.2 | OK | ||||
r-patched-linux-x86_64 | 1.1.2 | 52.22 | 170.03 | 222.25 | OK | |
r-patched-solaris-x86 | 1.1.2 | 1067.30 | WARN | |||
r-release-linux-x86_64 | 1.1.2 | 46.58 | 172.74 | 219.32 | OK | |
r-release-macos-x86_64 | 1.1.2 | WARN | ||||
r-release-windows-ix86+x86_64 | 1.1.2 | 125.00 | 236.00 | 361.00 | OK | |
r-oldrel-macos-x86_64 | 1.1.2 | WARN | ||||
r-oldrel-windows-ix86+x86_64 | 1.1.2 | 109.00 | 263.00 | 372.00 | OK |
Version: 1.1.2
Check: Rd cross-references
Result: NOTE
Undeclared package ‘adegenet’ in Rd xrefs
Flavor: r-devel-linux-x86_64-fedora-clang
Version: 1.1.2
Check: re-building of vignette outputs
Result: WARN
Error(s) in re-building vignettes:
...
--- re-building ‘Rcpp_API.Rmd’ using rmarkdown
Warning in engine$weave(file, quiet = quiet, encoding = enc) :
Pandoc (>= 1.12.3) and/or pandoc-citeproc not available. Falling back to R Markdown v1.
--- finished re-building ‘Rcpp_API.Rmd’
--- re-building ‘customisation.Rmd’ using rmarkdown
Warning in engine$weave(file, quiet = quiet, encoding = enc) :
Pandoc (>= 1.12.3) and/or pandoc-citeproc not available. Falling back to R Markdown v1.
--- finished re-building ‘customisation.Rmd’
--- re-building ‘introduction.Rmd’ using rmarkdown
Warning in engine$weave(file, quiet = quiet, encoding = enc) :
Pandoc (>= 1.12.3) and/or pandoc-citeproc not available. Falling back to R Markdown v1.
Quitting from lines 185-198 (introduction.Rmd)
Error: processing vignette 'introduction.Rmd' failed with diagnostics:
there is no package called 'webshot'
--- failed re-building ‘introduction.Rmd’
--- re-building ‘overview.Rmd’ using rmarkdown
Warning in engine$weave(file, quiet = quiet, encoding = enc) :
Pandoc (>= 1.12.3) and/or pandoc-citeproc not available. Falling back to R Markdown v1.
--- finished re-building ‘overview.Rmd’
SUMMARY: processing the following file failed:
‘introduction.Rmd’
Error: Vignette re-building failed.
Execution halted
Flavor: r-patched-solaris-x86
Version: 1.1.2
Check: re-building of vignette outputs
Result: WARN
Error(s) in re-building vignettes:
--- re-building ‘Rcpp_API.Rmd’ using rmarkdown
Warning in engine$weave(file, quiet = quiet, encoding = enc) :
Pandoc (>= 1.12.3) and/or pandoc-citeproc not available. Falling back to R Markdown v1.
--- finished re-building ‘Rcpp_API.Rmd’
--- re-building ‘customisation.Rmd’ using rmarkdown
Warning in engine$weave(file, quiet = quiet, encoding = enc) :
Pandoc (>= 1.12.3) and/or pandoc-citeproc not available. Falling back to R Markdown v1.
--- finished re-building ‘customisation.Rmd’
--- re-building ‘introduction.Rmd’ using rmarkdown
Warning in engine$weave(file, quiet = quiet, encoding = enc) :
Pandoc (>= 1.12.3) and/or pandoc-citeproc not available. Falling back to R Markdown v1.
Quitting from lines 185-198 (introduction.Rmd)
Error: processing vignette 'introduction.Rmd' failed with diagnostics:
invalid 'path' argument
--- failed re-building ‘introduction.Rmd’
--- re-building ‘overview.Rmd’ using rmarkdown
Warning in engine$weave(file, quiet = quiet, encoding = enc) :
Pandoc (>= 1.12.3) and/or pandoc-citeproc not available. Falling back to R Markdown v1.
--- finished re-building ‘overview.Rmd’
SUMMARY: processing the following file failed:
‘introduction.Rmd’
Error: Vignette re-building failed.
Execution halted
Flavors: r-release-macos-x86_64, r-oldrel-macos-x86_64