CRAN Package Check Results for Package osmplotr

Last updated on 2019-10-20 23:47:31 CEST.

Flavor Version Tinstall Tcheck Ttotal Status Flags
r-devel-linux-x86_64-debian-clang 0.3.2 14.53 240.85 255.38 OK
r-devel-linux-x86_64-debian-gcc 0.3.2 11.63 178.76 190.39 OK
r-devel-linux-x86_64-fedora-clang 0.3.2 294.66 NOTE
r-devel-linux-x86_64-fedora-gcc 0.3.2 291.72 OK
r-devel-windows-ix86+x86_64 0.3.2 29.00 327.00 356.00 NOTE
r-patched-linux-x86_64 0.3.2 13.26 229.69 242.95 OK
r-patched-solaris-x86 0.3.2 418.40 NOTE
r-release-linux-x86_64 0.3.2 15.77 233.92 249.69 OK
r-release-windows-ix86+x86_64 0.3.2 42.00 244.00 286.00 NOTE
r-release-osx-x86_64 0.3.2 NOTE
r-oldrel-windows-ix86+x86_64 0.3.2 21.00 220.00 241.00 NOTE
r-oldrel-osx-x86_64 0.3.2 NOTE

Check Details

Version: 0.3.2
Check: installed package size
Result: NOTE
     installed size is 8.1Mb
     sub-directories of 1Mb or more:
     doc 7.2Mb
Flavors: r-devel-linux-x86_64-fedora-clang, r-devel-windows-ix86+x86_64, r-patched-solaris-x86, r-release-windows-ix86+x86_64, r-release-osx-x86_64, r-oldrel-windows-ix86+x86_64, r-oldrel-osx-x86_64