CRAN Package Check Results for Package osmplotr

Last updated on 2022-11-25 22:51:38 CET.

Flavor Version Tinstall Tcheck Ttotal Status Flags
r-devel-linux-x86_64-debian-clang 0.3.3 18.92 263.24 282.16 OK
r-devel-linux-x86_64-debian-gcc 0.3.3 13.20 189.53 202.73 OK
r-devel-linux-x86_64-fedora-clang 0.3.3 344.24 NOTE
r-devel-linux-x86_64-fedora-gcc 0.3.3 338.24 OK
r-devel-windows-x86_64 0.3.3 46.00 284.00 330.00 NOTE
r-patched-linux-x86_64 0.3.3 OK
r-release-linux-x86_64 0.3.3 11.06 238.32 249.38 OK
r-release-macos-arm64 0.3.3 93.00 NOTE
r-release-macos-x86_64 0.3.3 145.00 NOTE
r-release-windows-x86_64 0.3.3 52.00 293.00 345.00 NOTE
r-oldrel-macos-arm64 0.3.3 111.00 NOTE
r-oldrel-macos-x86_64 0.3.3 124.00 NOTE
r-oldrel-windows-ix86+x86_64 0.3.3 38.00 290.00 328.00 NOTE

Check Details

Version: 0.3.3
Check: installed package size
Result: NOTE
     installed size is 9.3Mb
     sub-directories of 1Mb or more:
     doc 7.8Mb
Flavors: r-devel-linux-x86_64-fedora-clang, r-devel-windows-x86_64, r-release-macos-arm64, r-release-macos-x86_64, r-release-windows-x86_64, r-oldrel-macos-arm64, r-oldrel-macos-x86_64, r-oldrel-windows-ix86+x86_64