CRAN Package Check Results for Package osmplotr

Last updated on 2019-07-15 00:50:43 CEST.

Flavor Version Tinstall Tcheck Ttotal Status Flags
r-devel-linux-x86_64-debian-clang 0.3.2 12.95 238.56 251.51 OK
r-devel-linux-x86_64-debian-gcc 0.3.2 12.53 180.63 193.16 OK
r-devel-linux-x86_64-fedora-clang 0.3.2 294.27 NOTE
r-devel-linux-x86_64-fedora-gcc 0.3.2 287.23 OK
r-devel-windows-ix86+x86_64 0.3.2 28.00 256.00 284.00 NOTE
r-patched-linux-x86_64 0.3.2 13.49 235.17 248.66 OK
r-patched-solaris-x86 0.3.2 446.10 NOTE
r-release-linux-x86_64 0.3.2 15.00 236.47 251.47 OK
r-release-windows-ix86+x86_64 0.3.2 28.00 228.00 256.00 NOTE
r-release-osx-x86_64 0.3.2 NOTE
r-oldrel-windows-ix86+x86_64 0.3.2 28.00 323.00 351.00 NOTE
r-oldrel-osx-x86_64 0.3.2 NOTE

Check Details

Version: 0.3.2
Check: installed package size
Result: NOTE
     installed size is 8.1Mb
     sub-directories of 1Mb or more:
     doc 7.2Mb
Flavors: r-devel-linux-x86_64-fedora-clang, r-devel-windows-ix86+x86_64, r-patched-solaris-x86, r-release-windows-ix86+x86_64, r-release-osx-x86_64, r-oldrel-windows-ix86+x86_64, r-oldrel-osx-x86_64