CRAN Package Check Results for Package orthoDr

Last updated on 2020-05-24 23:47:50 CEST.

Flavor Version Tinstall Tcheck Ttotal Status Flags
r-devel-linux-x86_64-debian-clang 0.6.4 302.08 92.51 394.59 OK
r-devel-linux-x86_64-debian-gcc 0.6.4 221.78 70.99 292.77 OK
r-devel-linux-x86_64-fedora-clang 0.6.4 535.27 NOTE
r-devel-linux-x86_64-fedora-gcc 0.6.4 480.81 OK
r-devel-windows-ix86+x86_64 0.6.4 671.00 206.00 877.00 OK
r-patched-linux-x86_64 0.6.4 224.95 88.34 313.29 OK
r-patched-solaris-x86 0.6.4 426.80 OK
r-release-linux-x86_64 0.6.4 231.89 89.12 321.01 OK
r-release-osx-x86_64 0.6.4 NOTE
r-release-windows-ix86+x86_64 0.6.4 659.00 203.00 862.00 OK
r-oldrel-osx-x86_64 0.6.4 WARN
r-oldrel-windows-ix86+x86_64 0.6.4 490.00 157.00 647.00 OK

Check Details

Version: 0.6.4
Check: installed package size
Result: NOTE
     installed size is 19.7Mb
     sub-directories of 1Mb or more:
     libs 19.4Mb
Flavors: r-devel-linux-x86_64-fedora-clang, r-release-osx-x86_64, r-oldrel-osx-x86_64

Version: 0.6.4
Check: whether package can be installed
Result: WARN
    Found the following significant warnings:
     Warning: 'rgl_init' failed, running with rgl.useNULL = TRUE
Flavor: r-oldrel-osx-x86_64

Version: 0.6.4
Check: dependencies in R code
Result: NOTE
    No protocol specified
Flavor: r-oldrel-osx-x86_64

Version: 0.6.4
Check: S3 generic/method consistency
Result: WARN
    No protocol specified
    See section ‘Generic functions and methods’ in the ‘Writing R
    Extensions’ manual.
Flavor: r-oldrel-osx-x86_64

Version: 0.6.4
Check: replacement functions
Result: WARN
    No protocol specified
    The argument of a replacement function which corresponds to the right
    hand side must be named ‘value’.
Flavor: r-oldrel-osx-x86_64

Version: 0.6.4
Check: foreign function calls
Result: NOTE
    No protocol specified
    See chapter ‘System and foreign language interfaces’ in the ‘Writing R
    Extensions’ manual.
Flavor: r-oldrel-osx-x86_64

Version: 0.6.4
Check: R code for possible problems
Result: NOTE
    No protocol specified
Flavor: r-oldrel-osx-x86_64

Version: 0.6.4
Check: for missing documentation entries
Result: WARN
    No protocol specified
    All user-level objects in a package should have documentation entries.
    See chapter ‘Writing R documentation files’ in the ‘Writing R
    Extensions’ manual.
Flavor: r-oldrel-osx-x86_64

Version: 0.6.4
Check: for code/documentation mismatches
Result: WARN
    No protocol specified
    No protocol specified
    No protocol specified
Flavor: r-oldrel-osx-x86_64

Version: 0.6.4
Check: Rd \usage sections
Result: NOTE
    No protocol specified
    The \usage entries for S3 methods should use the \method markup and not
    their full name.
    See chapter ‘Writing R documentation files’ in the ‘Writing R
    Extensions’ manual.
Flavor: r-oldrel-osx-x86_64