CRAN Package Check Results for Package orthoDr

Last updated on 2019-05-19 02:46:39 CEST.

Flavor Version Tinstall Tcheck Ttotal Status Flags
r-devel-linux-x86_64-debian-clang 0.5.1 190.22 75.42 265.64 OK
r-devel-linux-x86_64-debian-gcc 0.5.1 143.55 60.00 203.55 OK
r-devel-linux-x86_64-fedora-clang 0.5.1 390.85 NOTE
r-devel-linux-x86_64-fedora-gcc 0.5.1 334.33 OK
r-devel-windows-ix86+x86_64 0.5.1 499.00 181.00 680.00 OK
r-patched-linux-x86_64 0.5.1 165.63 73.64 239.27 OK
r-patched-solaris-x86 0.5.1 371.80 OK
r-release-linux-x86_64 0.5.1 156.96 72.19 229.15 OK
r-release-windows-ix86+x86_64 0.5.1 492.00 169.00 661.00 OK
r-release-osx-x86_64 0.5.1 WARN
r-oldrel-windows-ix86+x86_64 0.5.1 554.00 168.00 722.00 OK
r-oldrel-osx-x86_64 0.5.1 NOTE

Check Details

Version: 0.5.1
Check: installed package size
Result: NOTE
     installed size is 12.0Mb
     sub-directories of 1Mb or more:
     libs 11.7Mb
Flavors: r-devel-linux-x86_64-fedora-clang, r-release-osx-x86_64, r-oldrel-osx-x86_64

Version: 0.5.1
Check: whether package can be installed
Result: WARN
    Found the following significant warnings:
     Warning: 'rgl_init' failed, running with rgl.useNULL = TRUE
Flavor: r-release-osx-x86_64