CRAN Package Check Results for Package orthoDr

Last updated on 2019-07-22 06:47:44 CEST.

Flavor Version Tinstall Tcheck Ttotal Status Flags
r-devel-linux-x86_64-debian-clang 0.5.1 182.01 75.03 257.04 OK
r-devel-linux-x86_64-debian-gcc 0.5.1 142.35 59.04 201.39 OK
r-devel-linux-x86_64-fedora-clang 0.5.1 380.31 NOTE
r-devel-linux-x86_64-fedora-gcc 0.5.1 366.54 OK
r-devel-windows-ix86+x86_64 0.5.1 364.00 179.00 543.00 OK
r-patched-linux-x86_64 0.5.1 172.30 71.63 243.93 OK
r-patched-solaris-x86 0.5.1 374.90 OK
r-release-linux-x86_64 0.5.1 160.27 72.56 232.83 OK
r-release-windows-ix86+x86_64 0.5.1 331.00 121.00 452.00 OK
r-release-osx-x86_64 0.5.1 WARN
r-oldrel-windows-ix86+x86_64 0.5.1 473.00 124.00 597.00 OK
r-oldrel-osx-x86_64 0.5.1 NOTE

Check Details

Version: 0.5.1
Check: installed package size
Result: NOTE
     installed size is 12.0Mb
     sub-directories of 1Mb or more:
     libs 11.7Mb
Flavors: r-devel-linux-x86_64-fedora-clang, r-release-osx-x86_64, r-oldrel-osx-x86_64

Version: 0.5.1
Check: whether package can be installed
Result: WARN
    Found the following significant warnings:
     Warning: 'rgl_init' failed, running with rgl.useNULL = TRUE
Flavor: r-release-osx-x86_64