CRAN Package Check Results for Package ordinalbayes

Last updated on 2022-12-03 23:56:21 CET.

Flavor Version Tinstall Tcheck Ttotal Status Flags
r-devel-linux-x86_64-debian-clang 0.1.1 45.32 426.82 472.14 OK
r-devel-linux-x86_64-debian-gcc 0.1.1 34.19 313.19 347.38 OK
r-devel-linux-x86_64-fedora-clang 0.1.1 602.62 NOTE
r-devel-linux-x86_64-fedora-gcc 0.1.1 603.38 NOTE
r-devel-windows-x86_64 0.1.1 68.00 1100.00 1168.00 OK
r-patched-linux-x86_64 0.1.1 39.81 394.27 434.08 OK
r-release-linux-x86_64 0.1.1 41.69 403.04 444.73 OK
r-release-macos-arm64 0.1.1 255.00 NOTE
r-release-macos-x86_64 0.1.1 307.00 NOTE
r-release-windows-x86_64 0.1.1 65.00 1147.00 1212.00 OK
r-oldrel-macos-arm64 0.1.1 219.00 NOTE
r-oldrel-macos-x86_64 0.1.1 313.00 NOTE
r-oldrel-windows-ix86+x86_64 0.1.1 96.00 632.00 728.00 OK

Check Details

Version: 0.1.1
Check: dependencies in R code
Result: NOTE
    Namespace in Imports field not imported from: ‘devtools’
     All declared Imports should be used.
Flavors: r-devel-linux-x86_64-fedora-clang, r-devel-linux-x86_64-fedora-gcc, r-release-macos-arm64, r-release-macos-x86_64, r-oldrel-macos-arm64, r-oldrel-macos-x86_64