CRAN Package Check Results for Package ordinalClust

Last updated on 2019-08-18 23:47:39 CEST.

Flavor Version Tinstall Tcheck Ttotal Status Flags
r-devel-linux-x86_64-debian-clang 1.3.4 153.63 63.44 217.07 OK
r-devel-linux-x86_64-debian-gcc 1.3.4 132.72 49.45 182.17 OK
r-devel-linux-x86_64-fedora-clang 1.3.4 328.18 NOTE
r-devel-linux-x86_64-fedora-gcc 1.3.4 331.12 OK
r-devel-windows-ix86+x86_64 1.3.4 459.00 114.00 573.00 OK
r-patched-linux-x86_64 1.3.4 145.76 62.01 207.77 OK
r-patched-solaris-x86 1.3.4 358.10 OK
r-release-linux-x86_64 1.3.4 139.41 60.98 200.39 OK
r-release-windows-ix86+x86_64 1.3.4 317.00 110.00 427.00 OK
r-release-osx-x86_64 1.3.4 NOTE
r-oldrel-windows-ix86+x86_64 1.3.4 438.00 144.00 582.00 OK
r-oldrel-osx-x86_64 1.3.4 NOTE

Check Details

Version: 1.3.4
Check: installed package size
Result: NOTE
     installed size is 10.8Mb
     sub-directories of 1Mb or more:
     libs 10.4Mb
Flavors: r-devel-linux-x86_64-fedora-clang, r-release-osx-x86_64, r-oldrel-osx-x86_64