Last updated on 2019-12-08 23:47:31 CET.
Flavor | Version | Tinstall | Tcheck | Ttotal | Status | Flags |
---|---|---|---|---|---|---|
r-devel-linux-x86_64-debian-clang | 1.3.4 | 184.42 | 62.73 | 247.15 | OK | |
r-devel-linux-x86_64-debian-gcc | 1.3.4 | 130.89 | 49.24 | 180.13 | OK | |
r-devel-linux-x86_64-fedora-clang | 1.3.4 | 339.60 | NOTE | |||
r-devel-linux-x86_64-fedora-gcc | 1.3.4 | 335.51 | OK | |||
r-devel-windows-ix86+x86_64 | 1.3.4 | 362.00 | 144.00 | 506.00 | OK | |
r-devel-windows-ix86+x86_64-gcc8 | 1.3.4 | 377.00 | 147.00 | 524.00 | OK | |
r-patched-linux-x86_64 | 1.3.4 | 142.95 | 59.92 | 202.87 | OK | |
r-patched-solaris-x86 | 1.3.4 | 376.60 | OK | |||
r-release-linux-x86_64 | 1.3.4 | 142.34 | 58.91 | 201.25 | OK | |
r-release-windows-ix86+x86_64 | 1.3.4 | 450.00 | 126.00 | 576.00 | OK | |
r-release-osx-x86_64 | 1.3.4 | NOTE | ||||
r-oldrel-windows-ix86+x86_64 | 1.3.4 | 301.00 | 116.00 | 417.00 | OK | |
r-oldrel-osx-x86_64 | 1.3.4 | NOTE |
Version: 1.3.4
Check: installed package size
Result: NOTE
installed size is 10.7Mb
sub-directories of 1Mb or more:
libs 10.4Mb
Flavors: r-devel-linux-x86_64-fedora-clang, r-release-osx-x86_64, r-oldrel-osx-x86_64