Last updated on 2023-05-30 00:59:52 CEST.
Flavor | Version | Tinstall | Tcheck | Ttotal | Status | Flags |
---|---|---|---|---|---|---|
r-devel-linux-x86_64-debian-clang | 1.1.0 | 8.04 | 124.47 | 132.51 | NOTE | |
r-devel-linux-x86_64-debian-gcc | 1.1.0 | 5.96 | 90.25 | 96.21 | NOTE | |
r-devel-linux-x86_64-fedora-clang | 1.1.0 | 161.25 | NOTE | |||
r-devel-linux-x86_64-fedora-gcc | 1.1.0 | 152.46 | NOTE | |||
r-devel-windows-x86_64 | 1.1.0 | 7.00 | 104.00 | 111.00 | NOTE | |
r-patched-linux-x86_64 | 1.1.0 | 6.74 | 116.17 | 122.91 | NOTE | |
r-release-linux-x86_64 | 1.1.0 | 6.19 | 117.17 | 123.36 | NOTE | |
r-release-macos-arm64 | 1.1.0 | 50.00 | NOTE | |||
r-release-macos-x86_64 | 1.1.0 | 99.00 | NOTE | |||
r-release-windows-x86_64 | 1.1.0 | 10.00 | 121.00 | 131.00 | NOTE | |
r-oldrel-macos-arm64 | 1.1.0 | 49.00 | NOTE | |||
r-oldrel-macos-x86_64 | 1.1.0 | 65.00 | NOTE | |||
r-oldrel-windows-x86_64 | 1.1.0 | 10.00 | 120.00 | 130.00 | NOTE |
Version: 1.1.0
Check: package dependencies
Result: NOTE
Package suggested but not available for checking: ‘gurobi’
Flavors: r-devel-linux-x86_64-debian-clang, r-devel-linux-x86_64-debian-gcc, r-devel-linux-x86_64-fedora-clang, r-devel-linux-x86_64-fedora-gcc, r-devel-windows-x86_64, r-patched-linux-x86_64, r-release-linux-x86_64, r-release-macos-arm64, r-release-macos-x86_64, r-release-windows-x86_64, r-oldrel-macos-arm64, r-oldrel-macos-x86_64, r-oldrel-windows-x86_64