Last updated on 2021-02-24 23:49:42 CET.
Flavor | Version | Tinstall | Tcheck | Ttotal | Status | Flags |
---|---|---|---|---|---|---|
r-devel-linux-x86_64-debian-clang | 1.4.3 | 14.46 | 52.90 | 67.36 | OK | |
r-devel-linux-x86_64-debian-gcc | 1.4.3 | 7.41 | 41.79 | 49.20 | OK | |
r-devel-linux-x86_64-fedora-clang | 1.4.3 | 87.62 | NOTE | |||
r-devel-linux-x86_64-fedora-gcc | 1.4.3 | 77.61 | NOTE | |||
r-devel-windows-ix86+x86_64 | 1.4.3 | 57.00 | 96.00 | 153.00 | NOTE | |
r-patched-linux-x86_64 | 1.4.3 | 10.52 | 49.95 | 60.47 | OK | |
r-patched-solaris-x86 | 1.4.3 | 132.30 | OK | |||
r-release-linux-x86_64 | 1.4.3 | 10.01 | 50.66 | 60.67 | OK | |
r-release-macos-x86_64 | 1.4.3 | NOTE | ||||
r-release-windows-ix86+x86_64 | 1.4.3 | 80.00 | 143.00 | 223.00 | NOTE | |
r-oldrel-macos-x86_64 | 1.4.3 | NOTE | ||||
r-oldrel-windows-ix86+x86_64 | 1.4.3 | 55.00 | 153.00 | 208.00 | NOTE |
Version: 1.4.3
Check: top-level files
Result: NOTE
‘configure’: ‘env bash’ is not portable as bash need not be installed
Flavors: r-devel-linux-x86_64-fedora-clang, r-devel-linux-x86_64-fedora-gcc
Version: 1.4.3
Check: installed package size
Result: NOTE
installed size is 8.7Mb
sub-directories of 1Mb or more:
doc 2.6Mb
libs 5.7Mb
Flavors: r-devel-windows-ix86+x86_64, r-release-macos-x86_64, r-release-windows-ix86+x86_64, r-oldrel-macos-x86_64, r-oldrel-windows-ix86+x86_64