CRAN Package Check Results for Package openssl

Last updated on 2020-05-24 23:47:50 CEST.

Flavor Version Tinstall Tcheck Ttotal Status Flags
r-devel-linux-x86_64-debian-clang 1.4.1 12.90 50.40 63.30 OK
r-devel-linux-x86_64-debian-gcc 1.4.1 8.19 39.08 47.27 OK
r-devel-linux-x86_64-fedora-clang 1.4.1 90.68 NOTE
r-devel-linux-x86_64-fedora-gcc 1.4.1 82.07 NOTE
r-devel-windows-ix86+x86_64 1.4.1 100.00 162.00 262.00 NOTE
r-patched-linux-x86_64 1.4.1 10.40 48.74 59.14 OK
r-patched-solaris-x86 1.4.1 161.40 OK
r-release-linux-x86_64 1.4.1 10.27 51.13 61.40 OK
r-release-osx-x86_64 1.4.1 WARN
r-release-windows-ix86+x86_64 1.4.1 78.00 147.00 225.00 NOTE
r-oldrel-osx-x86_64 1.4.1 NOTE
r-oldrel-windows-ix86+x86_64 1.4.1 72.00 166.00 238.00 NOTE

Check Details

Version: 1.4.1
Check: top-level files
Result: NOTE
     possible bashism in configure line 34 ($(OS|MACH)TYPE):
     case "$OSTYPE" in "darwin"*)
     possible bashism in configure line 40 (should be '.', not 'source'):
     source autobrew
     possible bashism in configure line 79 ($(OS|MACH)TYPE):
     case "$OSTYPE" in
Flavors: r-devel-linux-x86_64-fedora-clang, r-devel-linux-x86_64-fedora-gcc

Version: 1.4.1
Check: installed package size
Result: NOTE
     installed size is 8.7Mb
     sub-directories of 1Mb or more:
     doc 2.6Mb
     libs 5.6Mb
Flavors: r-devel-windows-ix86+x86_64, r-release-osx-x86_64, r-release-windows-ix86+x86_64, r-oldrel-osx-x86_64, r-oldrel-windows-ix86+x86_64

Version: 1.4.1
Check: re-building of vignette outputs
Result: WARN
    Error(s) in re-building vignettes:
     ...
    --- re-building ‘bignum.Rmd’ using rmarkdown
    --- finished re-building ‘bignum.Rmd’
    
    --- re-building ‘crypto_hashing.Rmd’ using rmarkdown
    --- finished re-building ‘crypto_hashing.Rmd’
    
    --- re-building ‘keys.Rmd’ using rmarkdown
    --- finished re-building ‘keys.Rmd’
    
    Warning: namespace ‘knitr’ is not available and has been replaced
    by .GlobalEnv when processing object ‘<unknown>’
    Error in loadVignetteBuilder(pkgdir) : vignette builder 'knitr' not found
    Calls: <Anonymous> -> loadVignetteBuilder
    Execution halted
    SUMMARY: processing the following file failed:
     ‘secure_rng.Rmd’
    
    Error: Vignette re-building failed.
    Execution halted
Flavor: r-release-osx-x86_64