CRAN Package Check Results for Package openssl

Last updated on 2019-07-15 00:50:42 CEST.

Flavor Version Tinstall Tcheck Ttotal Status Flags
r-devel-linux-x86_64-debian-clang 1.4 12.47 44.47 56.94 NOTE
r-devel-linux-x86_64-debian-gcc 1.4 7.85 36.43 44.28 NOTE
r-devel-linux-x86_64-fedora-clang 1.4 73.53 NOTE
r-devel-linux-x86_64-fedora-gcc 1.4 66.96 NOTE
r-devel-windows-ix86+x86_64 1.4 79.00 109.00 188.00 NOTE
r-patched-linux-x86_64 1.4 8.68 46.74 55.42 OK
r-patched-solaris-x86 1.4 168.40 OK
r-release-linux-x86_64 1.4 8.68 45.12 53.80 OK
r-release-windows-ix86+x86_64 1.4 78.00 117.00 195.00 NOTE
r-release-osx-x86_64 1.4 NOTE
r-oldrel-windows-ix86+x86_64 1.4 123.00 152.00 275.00 NOTE
r-oldrel-osx-x86_64 1.4 NOTE

Check Details

Version: 1.4
Check: for non-standard things in the check directory
Result: NOTE
    Found the following files/directories:
     'id_rsa'
Flavors: r-devel-linux-x86_64-debian-clang, r-devel-linux-x86_64-debian-gcc, r-devel-linux-x86_64-fedora-clang, r-devel-linux-x86_64-fedora-gcc

Version: 1.4
Check: installed package size
Result: NOTE
     installed size is 8.7Mb
     sub-directories of 1Mb or more:
     doc 2.6Mb
     libs 5.6Mb
Flavors: r-devel-windows-ix86+x86_64, r-release-windows-ix86+x86_64, r-release-osx-x86_64, r-oldrel-windows-ix86+x86_64, r-oldrel-osx-x86_64