CRAN Package Check Results for Package openssl

Last updated on 2019-05-19 02:46:38 CEST.

Flavor Version Tinstall Tcheck Ttotal Status Flags
r-devel-linux-x86_64-debian-clang 1.3 12.41 42.03 54.44 OK
r-devel-linux-x86_64-debian-gcc 1.3 7.43 36.31 43.74 OK
r-devel-linux-x86_64-fedora-clang 1.3 68.69 OK
r-devel-linux-x86_64-fedora-gcc 1.3 62.89 OK
r-devel-windows-ix86+x86_64 1.3 96.00 148.00 244.00 NOTE
r-patched-linux-x86_64 1.3 8.19 53.38 61.57 OK
r-patched-solaris-x86 1.3 127.50 OK
r-release-linux-x86_64 1.3 8.67 45.31 53.98 OK
r-release-windows-ix86+x86_64 1.3 102.00 138.00 240.00 NOTE
r-release-osx-x86_64 1.3 NOTE
r-oldrel-windows-ix86+x86_64 1.3 73.00 140.00 213.00 NOTE
r-oldrel-osx-x86_64 1.3 NOTE

Check Details

Version: 1.3
Check: installed package size
Result: NOTE
     installed size is 8.7Mb
     sub-directories of 1Mb or more:
     doc 2.6Mb
     libs 5.6Mb
Flavors: r-devel-windows-ix86+x86_64, r-release-windows-ix86+x86_64, r-release-osx-x86_64, r-oldrel-windows-ix86+x86_64, r-oldrel-osx-x86_64