CRAN Package Check Results for Package opencage

Last updated on 2019-08-18 23:47:39 CEST.

Flavor Version Tinstall Tcheck Ttotal Status Flags
r-devel-linux-x86_64-debian-clang 0.1.4 2.10 22.19 24.29 NOTE
r-devel-linux-x86_64-debian-gcc 0.1.4 1.87 18.14 20.01 NOTE
r-devel-linux-x86_64-fedora-clang 0.1.4 29.92 OK
r-devel-linux-x86_64-fedora-gcc 0.1.4 28.61 OK
r-devel-windows-ix86+x86_64 0.1.4 8.00 50.00 58.00 NOTE
r-patched-linux-x86_64 0.1.4 2.11 22.30 24.41 OK
r-patched-solaris-x86 0.1.4 50.20 OK
r-release-linux-x86_64 0.1.4 2.03 22.34 24.37 OK
r-release-windows-ix86+x86_64 0.1.4 6.00 37.00 43.00 OK
r-release-osx-x86_64 0.1.4 OK
r-oldrel-windows-ix86+x86_64 0.1.4 8.00 44.00 52.00 OK
r-oldrel-osx-x86_64 0.1.4 OK

Check Details

Version: 0.1.4
Check: package vignettes
Result: NOTE
    Package vignette with placeholder title 'Vignette Title':
     'opencage.Rmd'
Flavors: r-devel-linux-x86_64-debian-clang, r-devel-linux-x86_64-debian-gcc, r-devel-windows-ix86+x86_64