Last updated on 2023-02-05 23:58:51 CET.
Flavor | Version | Tinstall | Tcheck | Ttotal | Status | Flags |
---|---|---|---|---|---|---|
r-devel-linux-x86_64-debian-clang | 0.6.1 | 6.47 | 51.87 | 58.34 | OK | |
r-devel-linux-x86_64-debian-gcc | 0.6.1 | 5.74 | 38.63 | 44.37 | OK | |
r-devel-linux-x86_64-fedora-clang | 0.6.1 | 73.01 | OK | |||
r-devel-linux-x86_64-fedora-gcc | 0.6.1 | 70.03 | OK | |||
r-devel-windows-x86_64 | 0.6.1 | 31.00 | 84.00 | 115.00 | OK | |
r-patched-linux-x86_64 | 0.6.1 | 6.96 | 48.57 | 55.53 | OK | |
r-release-linux-x86_64 | 0.6.1 | 5.94 | 47.51 | 53.45 | OK | |
r-release-macos-arm64 | 0.6.1 | 25.00 | OK | |||
r-release-macos-x86_64 | 0.6.1 | 36.00 | OK | |||
r-release-windows-x86_64 | 0.6.1 | 18.00 | 80.00 | 98.00 | OK | |
r-oldrel-macos-arm64 | 0.6.1 | 24.00 | WARN | |||
r-oldrel-macos-x86_64 | 0.6.1 | 37.00 | WARN | |||
r-oldrel-windows-ix86+x86_64 | 0.6.1 | 15.00 | 75.00 | 90.00 | WARN |
Version: 0.6.1
Check: for code/documentation mismatches
Result: WARN
Data codoc mismatches from documentation object 'traj_data':
Variables in data frame 'traj_data'
Code: date date2 day height hour hour.inc lat lon month no2 nox o3
pm10 pm2.5 pressure receptor year
Docs: pm2.5 date date2 day height hour hour.inc lat lon month no2 nox
o3 pm10 pressure receptor year
Flavors: r-oldrel-macos-arm64, r-oldrel-macos-x86_64, r-oldrel-windows-ix86+x86_64