CRAN Package Check Results for Package openNLPdata

Last updated on 2019-10-13 23:47:26 CEST.

Flavor Version Tinstall Tcheck Ttotal Status Flags
r-devel-linux-x86_64-debian-clang 1.5.3-4 3.66 21.34 25.00 OK
r-devel-linux-x86_64-debian-gcc 1.5.3-4 2.85 16.88 19.73 OK
r-devel-linux-x86_64-fedora-clang 1.5.3-4 30.24 NOTE
r-devel-linux-x86_64-fedora-gcc 1.5.3-4 30.59 OK
r-devel-windows-ix86+x86_64 1.5.3-4 8.00 5.00 13.00 ERROR
r-patched-linux-x86_64 1.5.3-4 3.22 20.80 24.02 OK
r-patched-solaris-x86 1.5.3-4 46.50 NOTE
r-release-linux-x86_64 1.5.3-4 3.50 20.86 24.36 OK
r-release-windows-ix86+x86_64 1.5.3-4 7.00 40.00 47.00 NOTE
r-release-osx-x86_64 1.5.3-4 NOTE
r-oldrel-windows-ix86+x86_64 1.5.3-4 5.00 33.00 38.00 NOTE
r-oldrel-osx-x86_64 1.5.3-4 NOTE

Check Details

Version: 1.5.3-4
Check: installed package size
Result: NOTE
     installed size is 7.2Mb
     sub-directories of 1Mb or more:
     java 1.2Mb
     models 6.0Mb
Flavors: r-devel-linux-x86_64-fedora-clang, r-patched-solaris-x86, r-release-windows-ix86+x86_64, r-release-osx-x86_64, r-oldrel-windows-ix86+x86_64, r-oldrel-osx-x86_64

Version: 1.5.3-4
Check: whether package can be installed
Result: ERROR
    Installation failed.
Flavor: r-devel-windows-ix86+x86_64