CRAN Package Check Results for Package openNLPdata

Last updated on 2020-05-24 23:47:50 CEST.

Flavor Version Tinstall Tcheck Ttotal Status Flags
r-devel-linux-x86_64-debian-clang 1.5.3-4 3.93 23.02 26.95 OK
r-devel-linux-x86_64-debian-gcc 1.5.3-4 3.13 17.83 20.96 OK
r-devel-linux-x86_64-fedora-clang 1.5.3-4 32.91 NOTE
r-devel-linux-x86_64-fedora-gcc 1.5.3-4 33.43 NOTE
r-devel-windows-ix86+x86_64 1.5.3-4 12.00 34.00 46.00 NOTE
r-patched-linux-x86_64 1.5.3-4 3.91 22.58 26.49 OK
r-patched-solaris-x86 1.5.3-4 49.10 NOTE
r-release-linux-x86_64 1.5.3-4 3.64 23.13 26.77 OK
r-release-osx-x86_64 1.5.3-4 NOTE
r-release-windows-ix86+x86_64 1.5.3-4 8.00 40.00 48.00 NOTE
r-oldrel-osx-x86_64 1.5.3-4 NOTE
r-oldrel-windows-ix86+x86_64 1.5.3-4 8.00 33.00 41.00 NOTE

Check Details

Version: 1.5.3-4
Check: installed package size
Result: NOTE
     installed size is 7.2Mb
     sub-directories of 1Mb or more:
     java 1.2Mb
     models 6.0Mb
Flavors: r-devel-linux-x86_64-fedora-clang, r-devel-windows-ix86+x86_64, r-patched-solaris-x86, r-release-osx-x86_64, r-release-windows-ix86+x86_64, r-oldrel-osx-x86_64, r-oldrel-windows-ix86+x86_64

Version: 1.5.3-4
Check: top-level files
Result: NOTE
     possible bashism in configure line 52 (test -a/-o):
     if test ${java_version_maj} -ge 5 || \
     test ${java_version_maj} -eq 1 -a ${java_version_min} -ge 5;
Flavors: r-devel-linux-x86_64-fedora-clang, r-devel-linux-x86_64-fedora-gcc