CRAN Package Check Results for Package openNLP

Last updated on 2022-06-24 23:50:17 CEST.

Flavor Version Tinstall Tcheck Ttotal Status Flags
r-devel-linux-x86_64-debian-clang 0.2-7 4.61 48.11 52.72 NOTE
r-devel-linux-x86_64-debian-gcc 0.2-7 3.36 37.64 41.00 NOTE
r-devel-linux-x86_64-fedora-clang 0.2-7 68.42 NOTE
r-devel-linux-x86_64-fedora-gcc 0.2-7 72.93 NOTE
r-devel-windows-x86_64 0.2-7 13.00 64.00 77.00 NOTE
r-patched-linux-x86_64 0.2-7 3.31 47.16 50.47 NOTE
r-release-linux-x86_64 0.2-7 4.15 46.99 51.14 NOTE
r-release-macos-arm64 0.2-7 26.00 NOTE
r-release-macos-x86_64 0.2-7 31.00 NOTE
r-release-windows-x86_64 0.2-7 7.00 66.00 73.00 NOTE
r-oldrel-macos-arm64 0.2-7 34.00 NOTE
r-oldrel-macos-x86_64 0.2-7 39.00 NOTE
r-oldrel-windows-ix86+x86_64 0.2-7 9.00 43.00 52.00 NOTE

Check Details

Version: 0.2-7
Check: package dependencies
Result: NOTE
    Package suggested but not available for checking: 'openNLPmodels.en'
Flavors: r-devel-linux-x86_64-debian-clang, r-devel-linux-x86_64-debian-gcc, r-devel-linux-x86_64-fedora-clang, r-devel-linux-x86_64-fedora-gcc, r-devel-windows-x86_64, r-patched-linux-x86_64, r-release-linux-x86_64, r-release-macos-arm64, r-release-macos-x86_64, r-release-windows-x86_64, r-oldrel-macos-arm64, r-oldrel-macos-x86_64, r-oldrel-windows-ix86+x86_64