CRAN Package Check Results for Package onlinePCA

Last updated on 2022-11-28 22:51:29 CET.

Flavor Version Tinstall Tcheck Ttotal Status Flags
r-devel-linux-x86_64-debian-clang 1.3.1 52.71 80.23 132.94 OK
r-devel-linux-x86_64-debian-gcc 1.3.1 39.92 60.99 100.91 OK
r-devel-linux-x86_64-fedora-clang 1.3.1 191.58 NOTE
r-devel-linux-x86_64-fedora-gcc 1.3.1 177.33 NOTE
r-devel-windows-x86_64 1.3.1 55.00 128.00 183.00 OK
r-patched-linux-x86_64 1.3.1 49.45 74.51 123.96 OK
r-release-linux-x86_64 1.3.1 42.27 75.56 117.83 OK
r-release-macos-arm64 1.3.1 46.00 OK
r-release-macos-x86_64 1.3.1 62.00 OK
r-release-windows-x86_64 1.3.1 67.00 123.00 190.00 OK
r-oldrel-macos-arm64 1.3.1 52.00 OK
r-oldrel-macos-x86_64 1.3.1 72.00 OK
r-oldrel-windows-ix86+x86_64 1.3.1 134.00 144.00 278.00 OK

Check Details

Version: 1.3.1
Check: compiled code
Result: NOTE
    File ‘onlinePCA/libs/onlinePCA.so’:
     Found no calls to: ‘R_registerRoutines’, ‘R_useDynamicSymbols’
    
    It is good practice to register native routines and to disable symbol
    search.
    
    See ‘Writing portable packages’ in the ‘Writing R Extensions’ manual.
Flavors: r-devel-linux-x86_64-fedora-clang, r-devel-linux-x86_64-fedora-gcc