CRAN Package Check Results for Package ondisc

Last updated on 2024-06-24 23:57:27 CEST.

Flavor Version Tinstall Tcheck Ttotal Status Flags
r-devel-linux-x86_64-debian-clang 1.0.0 58.36 90.13 148.49 NOTE
r-devel-linux-x86_64-debian-gcc 1.0.0 29.96 63.25 93.21 NOTE
r-devel-linux-x86_64-fedora-clang 1.0.0 191.02 NOTE
r-devel-linux-x86_64-fedora-gcc 1.0.0 191.96 NOTE
r-devel-windows-x86_64 1.0.0 39.00 133.00 172.00 NOTE
r-patched-linux-x86_64 1.0.0 44.82 86.67 131.49 NOTE
r-release-linux-x86_64 1.0.0 30.06 85.93 115.99 NOTE
r-release-macos-arm64 1.0.0 59.00 NOTE
r-release-macos-x86_64 1.0.0 77.00 NOTE
r-release-windows-x86_64 1.0.0 41.00 131.00 172.00 NOTE
r-oldrel-macos-arm64 1.0.0 66.00 NOTE
r-oldrel-macos-x86_64 1.0.0 146.00 NOTE
r-oldrel-windows-x86_64 1.0.0 51.00 139.00 190.00 NOTE

Check Details

Version: 1.0.0
Check: LazyData
Result: NOTE 'LazyData' is specified without a 'data' directory Flavors: r-devel-linux-x86_64-debian-clang, r-devel-linux-x86_64-debian-gcc, r-devel-linux-x86_64-fedora-clang, r-devel-linux-x86_64-fedora-gcc, r-devel-windows-x86_64, r-patched-linux-x86_64, r-release-linux-x86_64, r-release-macos-arm64, r-release-macos-x86_64, r-release-windows-x86_64, r-oldrel-macos-arm64, r-oldrel-macos-x86_64, r-oldrel-windows-x86_64

Version: 1.0.0
Check: for GNU extensions in Makefiles
Result: NOTE GNU make is a SystemRequirements. Flavors: r-devel-linux-x86_64-debian-clang, r-devel-linux-x86_64-debian-gcc, r-devel-linux-x86_64-fedora-clang, r-devel-linux-x86_64-fedora-gcc, r-devel-windows-x86_64, r-patched-linux-x86_64, r-release-linux-x86_64, r-release-macos-arm64, r-release-macos-x86_64, r-release-windows-x86_64, r-oldrel-macos-arm64, r-oldrel-macos-x86_64, r-oldrel-windows-x86_64

Version: 1.0.0
Check: installed package size
Result: NOTE installed size is 5.5Mb sub-directories of 1Mb or more: libs 4.3Mb Flavors: r-devel-linux-x86_64-fedora-clang, r-devel-windows-x86_64, r-release-macos-arm64, r-release-macos-x86_64, r-release-windows-x86_64, r-oldrel-macos-arm64, r-oldrel-macos-x86_64, r-oldrel-windows-x86_64