CRAN Package Check Results for Package omu

Last updated on 2019-10-13 23:47:26 CEST.

Flavor Version Tinstall Tcheck Ttotal Status Flags
r-devel-linux-x86_64-debian-clang 1.0.2 14.60 155.17 169.77 NOTE
r-devel-linux-x86_64-debian-gcc 1.0.2 12.56 119.83 132.39 NOTE
r-devel-linux-x86_64-fedora-clang 1.0.2 199.59 OK
r-devel-linux-x86_64-fedora-gcc 1.0.2 198.66 OK
r-devel-windows-ix86+x86_64 1.0.2 32.00 238.00 270.00 NOTE
r-patched-linux-x86_64 1.0.2 14.23 147.02 161.25 OK
r-patched-solaris-x86 1.0.2 262.00 OK
r-release-linux-x86_64 1.0.2 13.66 146.15 159.81 OK
r-release-windows-ix86+x86_64 1.0.2 40.00 170.00 210.00 OK
r-release-osx-x86_64 1.0.2 OK
r-oldrel-windows-ix86+x86_64 1.0.2 15.00 184.00 199.00 OK
r-oldrel-osx-x86_64 1.0.2 OK

Check Details

Version: 1.0.2
Check: package vignettes
Result: NOTE
    Package vignette with placeholder title 'Vignette Title':
     'Omu_vignette.Rmd'
Flavors: r-devel-linux-x86_64-debian-clang, r-devel-linux-x86_64-debian-gcc, r-devel-windows-ix86+x86_64