CRAN Package Check Results for Package omu

Last updated on 2020-05-24 23:47:50 CEST.

Flavor Version Tinstall Tcheck Ttotal Status Flags
r-devel-linux-x86_64-debian-clang 1.0.4 16.54 186.97 203.51 OK
r-devel-linux-x86_64-debian-gcc 1.0.4 14.63 139.62 154.25 OK
r-devel-linux-x86_64-fedora-clang 1.0.4 246.18 OK
r-devel-linux-x86_64-fedora-gcc 1.0.4 237.40 OK
r-devel-windows-ix86+x86_64 1.0.4 44.00 279.00 323.00 OK
r-patched-linux-x86_64 1.0.4 16.01 183.69 199.70 OK
r-patched-solaris-x86 1.0.4 346.60 OK
r-release-linux-x86_64 1.0.4 16.38 181.98 198.36 OK
r-release-osx-x86_64 1.0.2 ERROR
r-release-windows-ix86+x86_64 1.0.4 30.00 191.00 221.00 OK
r-oldrel-osx-x86_64 1.0.4 OK
r-oldrel-windows-ix86+x86_64 1.0.4 40.00 251.00 291.00 OK

Check Details

Version: 1.0.2
Check: package dependencies
Result: ERROR
    Package required but not available: ‘KEGGREST’
    
    See section ‘The DESCRIPTION file’ in the ‘Writing R Extensions’
    manual.
Flavor: r-release-osx-x86_64