CRAN Package Check Results for Package okmesonet

Last updated on 2020-09-27 23:49:32 CEST.

Flavor Version Tinstall Tcheck Ttotal Status Flags
r-devel-linux-x86_64-debian-clang 0.1.5 3.31 27.90 31.21 NOTE
r-devel-linux-x86_64-debian-gcc 0.1.5 2.36 22.37 24.73 NOTE
r-devel-linux-x86_64-fedora-clang 0.1.5 46.14 NOTE
r-devel-linux-x86_64-fedora-gcc 0.1.5 37.34 NOTE
r-devel-windows-ix86+x86_64 0.1.5 7.00 49.00 56.00 NOTE
r-patched-linux-x86_64 0.1.5 3.51 26.96 30.47 NOTE
r-patched-solaris-x86 0.1.5 55.60 NOTE
r-release-linux-x86_64 0.1.5 3.20 27.21 30.41 NOTE
r-release-macos-x86_64 0.1.5 NOTE
r-release-windows-ix86+x86_64 0.1.5 7.00 44.00 51.00 NOTE
r-oldrel-macos-x86_64 0.1.5 NOTE
r-oldrel-windows-ix86+x86_64 0.1.5 6.00 45.00 51.00 NOTE

Check Details

Version: 0.1.5
Check: R code for possible problems
Result: NOTE
    avgokmts: no visible global function definition for 'aggregate'
    downloadstn: no visible global function definition for 'read.csv'
    nearstn: no visible binding for global variable 'okstations'
    nearstn: no visible binding for global variable 'Commissioned'
    nearstn: no visible binding for global variable 'Decommissioned'
    okcurobs: no visible global function definition for 'read.csv'
    okmts: no visible binding for global variable 'okstations'
    okmts: no visible binding for global variable 'TIME'
    retrievemts: no visible global function definition for 'read.csv'
    totalprecip: no visible binding for global variable 'TIME'
    totalprecip: no visible global function definition for 'aggregate'
    vincenty: no visible global function definition for 'runif'
    Undefined global functions or variables:
     Commissioned Decommissioned TIME aggregate okstations read.csv runif
    Consider adding
     importFrom("stats", "aggregate", "runif")
     importFrom("utils", "read.csv")
    to your NAMESPACE file.
Flavors: r-devel-linux-x86_64-debian-clang, r-devel-linux-x86_64-debian-gcc, r-devel-linux-x86_64-fedora-clang, r-devel-linux-x86_64-fedora-gcc, r-devel-windows-ix86+x86_64, r-patched-linux-x86_64, r-patched-solaris-x86, r-release-linux-x86_64, r-release-macos-x86_64, r-release-windows-ix86+x86_64, r-oldrel-macos-x86_64, r-oldrel-windows-ix86+x86_64