Last updated on 2025-01-17 00:49:13 CET.
Flavor | Version | Tinstall | Tcheck | Ttotal | Status | Flags |
---|---|---|---|---|---|---|
r-devel-linux-x86_64-debian-clang | 1.0.2 | 12.49 | 216.46 | 228.95 | OK | |
r-devel-linux-x86_64-debian-gcc | 1.0.2 | 8.53 | 156.10 | 164.63 | OK | |
r-devel-linux-x86_64-fedora-clang | 1.0.2 | 379.46 | OK | |||
r-devel-linux-x86_64-fedora-gcc | 1.0.2 | 368.07 | OK | |||
r-devel-windows-x86_64 | 1.0.2 | 14.00 | 279.00 | 293.00 | OK | |
r-patched-linux-x86_64 | 1.0.2 | 12.04 | 202.79 | 214.83 | OK | |
r-release-linux-x86_64 | 1.0.2 | 11.69 | 204.89 | 216.58 | OK | |
r-release-macos-arm64 | 1.0.2 | 151.00 | NOTE | |||
r-release-macos-x86_64 | 1.0.2 | 484.00 | NOTE | |||
r-release-windows-x86_64 | 1.0.2 | 16.00 | 293.00 | 309.00 | NOTE | |
r-oldrel-macos-arm64 | 1.0.2 | 151.00 | NOTE | |||
r-oldrel-macos-x86_64 | 1.0.2 | 379.00 | NOTE | |||
r-oldrel-windows-x86_64 | 1.0.2 | 14.00 | 297.00 | 311.00 | NOTE |
Version: 1.0.2
Check: installed package size
Result: NOTE
installed size is 6.8Mb
sub-directories of 1Mb or more:
doc 6.1Mb
Flavors: r-release-macos-arm64, r-release-macos-x86_64, r-release-windows-x86_64, r-oldrel-macos-arm64, r-oldrel-macos-x86_64, r-oldrel-windows-x86_64