CRAN Package Check Results for Package officer

Last updated on 2019-05-25 02:49:32 CEST.

Flavor Version Tinstall Tcheck Ttotal Status Flags
r-devel-linux-x86_64-debian-clang 0.3.4 79.97 94.56 174.53 OK
r-devel-linux-x86_64-debian-gcc 0.3.4 59.60 72.61 132.21 OK
r-devel-linux-x86_64-fedora-clang 0.3.4 253.31 OK
r-devel-linux-x86_64-fedora-gcc 0.3.4 226.57 OK
r-devel-windows-ix86+x86_64 0.3.4 138.00 196.00 334.00 OK
r-patched-linux-x86_64 0.3.4 OK
r-patched-solaris-x86 0.3.4 243.60 NOTE
r-release-linux-x86_64 0.3.4 68.03 93.75 161.78 OK
r-release-windows-ix86+x86_64 0.3.4 184.00 259.00 443.00 OK
r-release-osx-x86_64 0.3.4 OK
r-oldrel-windows-ix86+x86_64 0.3.4 174.00 248.00 422.00 OK
r-oldrel-osx-x86_64 0.3.4 OK

Check Details

Version: 0.3.4
Check: package dependencies
Result: NOTE
    Package suggested but not available for checking: ‘rsvg’
Flavor: r-patched-solaris-x86