CRAN Package Check Results for Package officer

Last updated on 2019-08-11 23:47:35 CEST.

Flavor Version Tinstall Tcheck Ttotal Status Flags
r-devel-linux-x86_64-debian-clang 0.3.5 78.92 95.08 174.00 OK
r-devel-linux-x86_64-debian-gcc 0.3.5 58.23 72.87 131.10 OK
r-devel-linux-x86_64-fedora-clang 0.3.5 229.04 OK
r-devel-linux-x86_64-fedora-gcc 0.3.5 226.65 OK
r-devel-windows-ix86+x86_64 0.3.5 174.00 258.00 432.00 OK
r-patched-linux-x86_64 0.3.5 70.77 94.25 165.02 OK
r-patched-solaris-x86 0.3.5 257.60 NOTE
r-release-linux-x86_64 0.3.5 68.47 93.65 162.12 OK
r-release-windows-ix86+x86_64 0.3.5 181.00 214.00 395.00 OK
r-release-osx-x86_64 0.3.5 OK
r-oldrel-windows-ix86+x86_64 0.3.5 171.00 249.00 420.00 OK
r-oldrel-osx-x86_64 0.3.5 OK

Check Details

Version: 0.3.5
Check: package dependencies
Result: NOTE
    Package suggested but not available for checking: ‘rsvg’
Flavor: r-patched-solaris-x86