CRAN Package Check Results for Package odin

Last updated on 2021-04-22 23:49:47 CEST.

Flavor Version Tinstall Tcheck Ttotal Status Flags
r-devel-linux-x86_64-debian-clang 1.0.8 8.93 92.66 101.59 NOTE
r-devel-linux-x86_64-debian-gcc 1.0.8 6.99 67.44 74.43 NOTE
r-devel-linux-x86_64-fedora-clang 1.0.8 131.07 NOTE
r-devel-linux-x86_64-fedora-gcc 1.0.8 124.24 NOTE
r-devel-windows-ix86+x86_64 1.0.8 14.00 131.00 145.00 NOTE
r-devel-windows-x86_64-gcc10-UCRT 1.0.8 NOTE
r-patched-linux-x86_64 1.0.8 11.67 83.57 95.24 OK
r-patched-solaris-x86 1.0.8 163.50 OK
r-release-linux-x86_64 1.0.8 9.57 82.75 92.32 OK
r-release-macos-x86_64 1.0.8 OK
r-release-windows-ix86+x86_64 1.0.8 16.00 137.00 153.00 OK
r-oldrel-macos-x86_64 1.0.8 OK
r-oldrel-windows-ix86+x86_64 1.0.8 12.00 126.00 138.00 OK

Check Details

Version: 1.0.8
Check: LazyData
Result: NOTE
     'LazyData' is specified without a 'data' directory
Flavors: r-devel-linux-x86_64-debian-clang, r-devel-linux-x86_64-debian-gcc, r-devel-linux-x86_64-fedora-clang, r-devel-linux-x86_64-fedora-gcc, r-devel-windows-ix86+x86_64, r-devel-windows-x86_64-gcc10-UCRT