CRAN Package Check Results for Package odeGUTS

Last updated on 2024-07-20 00:56:57 CEST.

Flavor Version Tinstall Tcheck Ttotal Status Flags
r-devel-linux-x86_64-debian-clang 1.0.2 3.87 30.51 34.38 OK
r-devel-linux-x86_64-debian-gcc 1.0.2 2.55 22.98 25.53 NOTE
r-devel-linux-x86_64-fedora-clang 1.0.2 47.20 NOTE
r-devel-linux-x86_64-fedora-gcc 1.0.2 44.07 NOTE
r-devel-windows-x86_64 1.0.2 10.00 47.00 57.00 OK
r-patched-linux-x86_64 1.0.2 2.87 27.99 30.86 OK
r-release-linux-x86_64 1.0.2 3.65 28.47 32.12 OK
r-release-macos-arm64 1.0.2 20.00 OK
r-release-macos-x86_64 1.0.2 28.00 OK
r-release-windows-x86_64 1.0.2 7.00 46.00 53.00 OK
r-oldrel-macos-arm64 1.0.2 19.00 OK
r-oldrel-macos-x86_64 1.0.2 39.00 OK
r-oldrel-windows-x86_64 1.0.2 9.00 94.00 103.00 OK

Check Details

Version: 1.0.2
Check: package dependencies
Result: NOTE Package suggested but not available for checking: ‘morse’ Flavors: r-devel-linux-x86_64-debian-gcc, r-devel-linux-x86_64-fedora-clang, r-devel-linux-x86_64-fedora-gcc