CRAN Package Check Results for Package oddsapiR

Last updated on 2022-09-26 23:58:20 CEST.

Flavor Version Tinstall Tcheck Ttotal Status Flags
r-devel-linux-x86_64-debian-clang 0.0.1 8.16 66.53 74.69 OK
r-devel-linux-x86_64-debian-gcc 0.0.1 5.90 49.28 55.18 OK
r-devel-linux-x86_64-fedora-clang 0.0.1 105.03 NOTE
r-devel-linux-x86_64-fedora-gcc 0.0.1 96.60 NOTE
r-devel-windows-x86_64 0.0.1 11.00 86.00 97.00 OK
r-patched-linux-x86_64 0.0.1 5.00 62.69 67.69 OK
r-release-linux-x86_64 0.0.1 6.17 62.10 68.27 OK
r-release-macos-arm64 0.0.1 29.00 NOTE
r-release-macos-x86_64 0.0.1 39.00 NOTE
r-release-windows-x86_64 0.0.1 17.00 90.00 107.00 OK
r-oldrel-macos-arm64 0.0.1 26.00 NOTE
r-oldrel-macos-x86_64 0.0.1 39.00 NOTE
r-oldrel-windows-ix86+x86_64 0.0.1 22.00 86.00 108.00 OK

Check Details

Version: 0.0.1
Check: data for non-ASCII characters
Result: NOTE
     Note: found 4 marked UTF-8 strings
Flavors: r-devel-linux-x86_64-fedora-clang, r-devel-linux-x86_64-fedora-gcc, r-release-macos-arm64, r-release-macos-x86_64, r-oldrel-macos-arm64, r-oldrel-macos-x86_64