CRAN Package Check Results for Package odbc

Last updated on 2019-07-22 06:47:44 CEST.

Flavor Version Tinstall Tcheck Ttotal Status Flags
r-devel-linux-x86_64-debian-clang 1.1.6 69.82 48.89 118.71 OK
r-devel-linux-x86_64-debian-gcc 1.1.6 50.95 39.18 90.13 WARN
r-devel-linux-x86_64-fedora-clang 1.1.6 163.14 NOTE
r-devel-linux-x86_64-fedora-gcc 1.1.6 156.50 WARN
r-devel-windows-ix86+x86_64 1.1.6 155.00 116.00 271.00 OK
r-patched-linux-x86_64 1.1.6 60.85 47.75 108.60 WARN
r-patched-solaris-x86 1.1.6 164.40 OK
r-release-linux-x86_64 1.1.6 62.84 47.53 110.37 WARN
r-release-windows-ix86+x86_64 1.1.6 144.00 89.00 233.00 OK
r-release-osx-x86_64 1.1.6 NOTE
r-oldrel-windows-ix86+x86_64 1.1.6 199.00 86.00 285.00 OK
r-oldrel-osx-x86_64 1.1.6 NOTE

Check Details

Version: 1.1.6
Check: whether package can be installed
Result: WARN
    Found the following significant warnings:
     connection.cpp:67:36: warning: catching polymorphic type ‘class nanodbc::database_error’ by value [-Wcatch-value=]
     odbc_connection.cpp:37:36: warning: catching polymorphic type ‘class nanodbc::database_error’ by value [-Wcatch-value=]
     odbc_connection.cpp:75:36: warning: catching polymorphic type ‘class nanodbc::database_error’ by value [-Wcatch-value=]
Flavors: r-devel-linux-x86_64-debian-gcc, r-devel-linux-x86_64-fedora-gcc, r-patched-linux-x86_64, r-release-linux-x86_64

Version: 1.1.6
Check: installed package size
Result: NOTE
     installed size is 5.8Mb
     sub-directories of 1Mb or more:
     libs 5.5Mb
Flavors: r-devel-linux-x86_64-fedora-clang, r-release-osx-x86_64, r-oldrel-osx-x86_64