CRAN Package Check Results for Package odbc

Last updated on 2019-12-08 23:47:30 CET.

Flavor Version Tinstall Tcheck Ttotal Status Flags
r-devel-linux-x86_64-debian-clang 1.2.0 80.19 56.72 136.91 OK
r-devel-linux-x86_64-debian-gcc 1.2.1 54.58 44.39 98.97 OK
r-devel-linux-x86_64-fedora-clang 1.2.1 182.32 NOTE
r-devel-linux-x86_64-fedora-gcc 1.2.1 145.23 OK
r-devel-windows-ix86+x86_64 1.2.0 211.00 121.00 332.00 ERROR
r-devel-windows-ix86+x86_64-gcc8 1.2.0 183.00 131.00 314.00 OK
r-patched-linux-x86_64 1.2.1 63.10 48.75 111.85 OK
r-patched-solaris-x86 1.2.1 152.20 OK
r-release-linux-x86_64 1.2.1 62.51 49.97 112.48 OK
r-release-windows-ix86+x86_64 1.2.1 212.00 116.00 328.00 OK
r-release-osx-x86_64 1.2.1 NOTE
r-oldrel-windows-ix86+x86_64 1.2.1 157.00 82.00 239.00 OK
r-oldrel-osx-x86_64 1.2.1 NOTE

Check Details

Version: 1.2.1
Check: installed package size
Result: NOTE
     installed size is 6.6Mb
     sub-directories of 1Mb or more:
     libs 6.2Mb
Flavors: r-devel-linux-x86_64-fedora-clang, r-release-osx-x86_64, r-oldrel-osx-x86_64

Version: 1.2.0
Check: running tests for arch ‘i386’
Result: ERROR
     Running 'testthat.R' [0s]
Flavor: r-devel-windows-ix86+x86_64