CRAN Package Check Results for Package oceanmap

Last updated on 2019-11-10 23:48:34 CET.

Flavor Version Tinstall Tcheck Ttotal Status Flags
r-devel-linux-x86_64-debian-clang 0.1.0.1 14.36 142.97 157.33 NOTE
r-devel-linux-x86_64-debian-gcc 0.1.0.1 12.83 109.79 122.62 NOTE
r-devel-linux-x86_64-fedora-clang 0.1.0.1 186.16 NOTE
r-devel-linux-x86_64-fedora-gcc 0.1.0.1 188.83 NOTE
r-devel-windows-ix86+x86_64 0.1.0.1 33.00 190.00 223.00 NOTE
r-patched-linux-x86_64 0.1.0.1 13.77 137.14 150.91 OK
r-patched-solaris-x86 0.1.0.1 294.30 NOTE
r-release-linux-x86_64 0.1.0.1 13.70 138.44 152.14 OK
r-release-windows-ix86+x86_64 0.1.0.1 45.00 184.00 229.00 NOTE
r-release-osx-x86_64 0.1.0.1 NOTE
r-oldrel-windows-ix86+x86_64 0.1.0.1 29.00 216.00 245.00 NOTE
r-oldrel-osx-x86_64 0.1.0.1 NOTE

Check Details

Version: 0.1.0.1
Check: for non-standard things in the check directory
Result: NOTE
    Found the following files/directories:
     'Gulf_of_Lions.pdf' 'Gulf_of_Lions_extended.pdf'
Flavors: r-devel-linux-x86_64-debian-clang, r-devel-linux-x86_64-debian-gcc, r-devel-linux-x86_64-fedora-clang, r-devel-linux-x86_64-fedora-gcc

Version: 0.1.0.1
Check: installed package size
Result: NOTE
     installed size is 6.2Mb
     sub-directories of 1Mb or more:
     R 1.5Mb
     test_files 4.2Mb
Flavors: r-devel-linux-x86_64-fedora-clang, r-devel-windows-ix86+x86_64, r-patched-solaris-x86, r-release-windows-ix86+x86_64, r-release-osx-x86_64, r-oldrel-windows-ix86+x86_64, r-oldrel-osx-x86_64