CRAN Package Check Results for Package oceanis

Last updated on 2020-09-22 23:53:15 CEST.

Flavor Version Tinstall Tcheck Ttotal Status Flags
r-devel-linux-x86_64-debian-clang 1.7.5 48.19 282.89 331.08 OK
r-devel-linux-x86_64-debian-gcc 1.7.5 41.94 223.21 265.15 OK
r-devel-linux-x86_64-fedora-clang 1.7.5 438.87 NOTE
r-devel-linux-x86_64-fedora-gcc 1.7.5 359.67 NOTE
r-devel-windows-ix86+x86_64 1.7.5 84.00 280.00 364.00 OK
r-patched-linux-x86_64 1.7.5 33.87 275.46 309.33 OK
r-patched-solaris-x86 1.7.5 495.90 NOTE
r-release-linux-x86_64 1.7.5 35.23 279.09 314.32 OK
r-release-macos-x86_64 1.7.5 NOTE
r-release-windows-ix86+x86_64 1.7.5 93.00 375.00 468.00 OK
r-oldrel-macos-x86_64 1.7.5 NOTE
r-oldrel-windows-ix86+x86_64 1.7.5 59.00 264.00 323.00 OK

Check Details

Version: 1.7.5
Check: dependencies in R code
Result: NOTE
    Namespace in Imports field not imported from: ‘units’
     All declared Imports should be used.
Flavors: r-devel-linux-x86_64-fedora-clang, r-devel-linux-x86_64-fedora-gcc, r-patched-solaris-x86, r-release-macos-x86_64, r-oldrel-macos-x86_64