CRAN Package Check Results for Package obfuscatoR

Last updated on 2022-07-06 23:52:50 CEST.

Flavor Version Tinstall Tcheck Ttotal Status Flags
r-devel-linux-x86_64-debian-clang 0.2.1 2.90 34.10 37.00 NOTE
r-devel-linux-x86_64-debian-gcc 0.2.1 2.40 26.07 28.47 NOTE
r-devel-linux-x86_64-fedora-clang 0.2.1 53.33 NOTE
r-devel-linux-x86_64-fedora-gcc 0.2.1 51.89 NOTE
r-devel-windows-x86_64 0.2.1 16.00 62.00 78.00 NOTE
r-patched-linux-x86_64 0.2.1 3.07 33.06 36.13 NOTE
r-release-linux-x86_64 0.2.1 2.10 32.98 35.08 NOTE
r-release-macos-arm64 0.2.1 22.00 NOTE
r-release-macos-x86_64 0.2.1 36.00 NOTE
r-release-windows-x86_64 0.2.1 24.00 66.00 90.00 NOTE
r-oldrel-macos-arm64 0.2.1 27.00 NOTE
r-oldrel-macos-x86_64 0.2.1 35.00 NOTE
r-oldrel-windows-ix86+x86_64 0.2.1 8.00 54.00 62.00 NOTE

Check Details

Version: 0.2.1
Check: LazyData
Result: NOTE
     'LazyData' is specified without a 'data' directory
Flavors: r-devel-linux-x86_64-debian-clang, r-devel-linux-x86_64-debian-gcc, r-devel-linux-x86_64-fedora-clang, r-devel-linux-x86_64-fedora-gcc, r-devel-windows-x86_64, r-patched-linux-x86_64, r-release-linux-x86_64, r-release-macos-arm64, r-release-macos-x86_64, r-release-windows-x86_64, r-oldrel-macos-arm64, r-oldrel-macos-x86_64, r-oldrel-windows-ix86+x86_64