CRAN Package Check Results for Package nsrr

Last updated on 2019-05-23 02:46:54 CEST.

Flavor Version Tinstall Tcheck Ttotal Status Flags
r-devel-linux-x86_64-debian-clang 0.1.2 1.73 28.20 29.93 OK
r-devel-linux-x86_64-debian-gcc 0.1.2 1.65 23.11 24.76 OK
r-devel-linux-x86_64-fedora-clang 0.1.2 37.18 OK
r-devel-linux-x86_64-fedora-gcc 0.1.2 36.06 OK
r-devel-windows-ix86+x86_64 0.1.2 4.00 65.00 69.00 OK
r-patched-linux-x86_64 0.1.2 1.86 28.11 29.97 OK
r-patched-solaris-x86 0.1.2 58.50 WARN
r-release-linux-x86_64 0.1.2 2.01 28.10 30.11 OK
r-release-windows-ix86+x86_64 0.1.2 6.00 73.00 79.00 OK
r-release-osx-x86_64 0.1.2 WARN
r-oldrel-windows-ix86+x86_64 0.1.2 2.00 52.00 54.00 OK
r-oldrel-osx-x86_64 0.1.2 WARN

Check Details

Version: 0.1.2
Check: re-building of vignette outputs
Result: WARN
    Error(s) in re-building vignettes:
     ...
    --- re-building ‘downloading_data_nsrr.Rmd’ using rmarkdown
    Warning in engine$weave(file, quiet = quiet, encoding = enc) :
     Pandoc (>= 1.12.3) and/or pandoc-citeproc not available. Falling back to R Markdown v1.
    Quitting from lines 39-42 (downloading_data_nsrr.Rmd)
    Error: processing vignette 'downloading_data_nsrr.Rmd' failed with diagnostics:
    there is no package called 'webshot'
    --- failed re-building ‘downloading_data_nsrr.Rmd’
    
    SUMMARY: processing the following file failed:
     ‘downloading_data_nsrr.Rmd’
    
    Error: Vignette re-building failed.
    Execution halted
Flavor: r-patched-solaris-x86

Version: 0.1.2
Check: re-building of vignette outputs
Result: WARN
    Error(s) in re-building vignettes:
     ...
    --- re-building ‘downloading_data_nsrr.Rmd’ using rmarkdown
    Warning in engine$weave(file, quiet = quiet, encoding = enc) :
     Pandoc (>= 1.12.3) and/or pandoc-citeproc not available. Falling back to R Markdown v1.
    Quitting from lines 39-42 (downloading_data_nsrr.Rmd)
    Error: processing vignette 'downloading_data_nsrr.Rmd' failed with diagnostics:
    cannot open the connection
    --- failed re-building ‘downloading_data_nsrr.Rmd’
    
    SUMMARY: processing the following file failed:
     ‘downloading_data_nsrr.Rmd’
    
    Error: Vignette re-building failed.
    Execution halted
Flavor: r-release-osx-x86_64

Version: 0.1.2
Check: re-building of vignette outputs
Result: WARN
    Error in re-building vignettes:
     ...
    Warning in engine$weave(file, quiet = quiet, encoding = enc) :
     Pandoc (>= 1.12.3) and/or pandoc-citeproc not available. Falling back to R Markdown v1.
    Quitting from lines 39-42 (downloading_data_nsrr.Rmd)
    Error: processing vignette 'downloading_data_nsrr.Rmd' failed with diagnostics:
    cannot open the connection
    Execution halted
Flavor: r-oldrel-osx-x86_64