CRAN Package Check Results for Package nsrr

Last updated on 2019-08-11 23:47:35 CEST.

Flavor Version Tinstall Tcheck Ttotal Status Flags
r-devel-linux-x86_64-debian-clang 0.1.2 2.18 28.92 31.10 OK
r-devel-linux-x86_64-debian-gcc 0.1.2 1.94 23.30 25.24 OK
r-devel-linux-x86_64-fedora-clang 0.1.2 35.51 OK
r-devel-linux-x86_64-fedora-gcc 0.1.2 35.13 OK
r-devel-windows-ix86+x86_64 0.1.2 9.00 70.00 79.00 OK
r-patched-linux-x86_64 0.1.2 2.05 28.18 30.23 OK
r-patched-solaris-x86 0.1.2 56.60 WARN
r-release-linux-x86_64 0.1.2 1.81 28.32 30.13 OK
r-release-windows-ix86+x86_64 0.1.2 8.00 70.00 78.00 OK
r-release-osx-x86_64 0.1.2 WARN
r-oldrel-windows-ix86+x86_64 0.1.2 5.00 65.00 70.00 OK
r-oldrel-osx-x86_64 0.1.2 WARN

Check Details

Version: 0.1.2
Check: re-building of vignette outputs
Result: WARN
    Error(s) in re-building vignettes:
     ...
    --- re-building ‘downloading_data_nsrr.Rmd’ using rmarkdown
    Warning in engine$weave(file, quiet = quiet, encoding = enc) :
     Pandoc (>= 1.12.3) and/or pandoc-citeproc not available. Falling back to R Markdown v1.
    Quitting from lines 39-42 (downloading_data_nsrr.Rmd)
    Error: processing vignette 'downloading_data_nsrr.Rmd' failed with diagnostics:
    there is no package called 'webshot'
    --- failed re-building ‘downloading_data_nsrr.Rmd’
    
    SUMMARY: processing the following file failed:
     ‘downloading_data_nsrr.Rmd’
    
    Error: Vignette re-building failed.
    Execution halted
Flavor: r-patched-solaris-x86

Version: 0.1.2
Check: re-building of vignette outputs
Result: WARN
    Error(s) in re-building vignettes:
     ...
    --- re-building ‘downloading_data_nsrr.Rmd’ using rmarkdown
    Warning in engine$weave(file, quiet = quiet, encoding = enc) :
     Pandoc (>= 1.12.3) and/or pandoc-citeproc not available. Falling back to R Markdown v1.
    Quitting from lines 39-42 (downloading_data_nsrr.Rmd)
    Error: processing vignette 'downloading_data_nsrr.Rmd' failed with diagnostics:
    cannot open the connection
    --- failed re-building ‘downloading_data_nsrr.Rmd’
    
    SUMMARY: processing the following file failed:
     ‘downloading_data_nsrr.Rmd’
    
    Error: Vignette re-building failed.
    Execution halted
Flavor: r-release-osx-x86_64

Version: 0.1.2
Check: re-building of vignette outputs
Result: WARN
    Error in re-building vignettes:
     ...
    Warning in engine$weave(file, quiet = quiet, encoding = enc) :
     Pandoc (>= 1.12.3) and/or pandoc-citeproc not available. Falling back to R Markdown v1.
    Quitting from lines 39-42 (downloading_data_nsrr.Rmd)
    Error: processing vignette 'downloading_data_nsrr.Rmd' failed with diagnostics:
    cannot open the connection
    Execution halted
Flavor: r-oldrel-osx-x86_64