CRAN Package Check Results for Package nparsurv

Last updated on 2024-06-25 00:58:09 CEST.

Flavor Version Tinstall Tcheck Ttotal Status Flags
r-devel-linux-x86_64-debian-clang 0.1.0 8.10 65.09 73.19 NOTE
r-devel-linux-x86_64-debian-gcc 0.1.0 6.02 49.22 55.24 NOTE
r-devel-linux-x86_64-fedora-clang 0.1.0 88.47 NOTE
r-devel-linux-x86_64-fedora-gcc 0.1.0 86.16 NOTE
r-devel-windows-x86_64 0.1.0 7.00 61.00 68.00 NOTE
r-patched-linux-x86_64 0.1.0 6.17 61.98 68.15 NOTE
r-release-linux-x86_64 0.1.0 8.14 62.27 70.41 NOTE
r-release-macos-arm64 0.1.0 30.00 NOTE
r-release-macos-x86_64 0.1.0 41.00 NOTE
r-release-windows-x86_64 0.1.0 8.00 62.00 70.00 NOTE
r-oldrel-macos-arm64 0.1.0 30.00 NOTE
r-oldrel-macos-x86_64 0.1.0 49.00 NOTE
r-oldrel-windows-x86_64 0.1.0 9.00 74.00 83.00 NOTE

Check Details

Version: 0.1.0
Check: LazyData
Result: NOTE 'LazyData' is specified without a 'data' directory Flavors: r-devel-linux-x86_64-debian-clang, r-devel-linux-x86_64-debian-gcc, r-devel-linux-x86_64-fedora-clang, r-devel-linux-x86_64-fedora-gcc, r-devel-windows-x86_64, r-patched-linux-x86_64, r-release-linux-x86_64, r-release-macos-arm64, r-release-macos-x86_64, r-release-windows-x86_64, r-oldrel-macos-arm64, r-oldrel-macos-x86_64, r-oldrel-windows-x86_64