CRAN Package Check Results for Package notifyR

Last updated on 2020-05-24 23:47:50 CEST.

Flavor Version Tinstall Tcheck Ttotal Status Flags
r-devel-linux-x86_64-debian-clang 1.02 2.30 24.24 26.54 NOTE
r-devel-linux-x86_64-debian-gcc 1.02 2.11 19.51 21.62 NOTE
r-devel-linux-x86_64-fedora-clang 1.02 32.75 NOTE
r-devel-linux-x86_64-fedora-gcc 1.02 32.01 NOTE
r-devel-windows-ix86+x86_64 1.02 8.00 37.00 45.00 OK
r-patched-linux-x86_64 1.02 2.73 24.16 26.89 NOTE
r-patched-solaris-x86 1.02 52.40 OK
r-release-linux-x86_64 1.02 2.57 24.29 26.86 NOTE
r-release-osx-x86_64 1.02 OK
r-release-windows-ix86+x86_64 1.02 6.00 45.00 51.00 OK
r-oldrel-osx-x86_64 1.02 OK
r-oldrel-windows-ix86+x86_64 1.02 5.00 34.00 39.00 OK

Check Details

Version: 1.02
Check: Rd line widths
Result: NOTE
    Rd file 'notifyR-package.Rd':
     \examples lines wider than 100 characters:
     send_push(userkey,message="finished.",title="World Simulation",url="http://www.myRresults.com/",url_title="View Results online.",priori ... [TRUNCATED]
    
    Rd file 'send_push.Rd':
     \usage lines wider than 90 characters:
     send_push(user, message, title = "", device = "", url = "", url_title = "", priority = FALSE, timestamp = Sys.time())
     \examples lines wider than 100 characters:
     send_push(userkey,message="finished.",title="World Simulation",url="http://www.myRresults.com/",url_title="View Results online.",priori ... [TRUNCATED]
    
    These lines will be truncated in the PDF manual.
Flavors: r-devel-linux-x86_64-debian-clang, r-devel-linux-x86_64-debian-gcc, r-devel-linux-x86_64-fedora-clang, r-devel-linux-x86_64-fedora-gcc, r-patched-linux-x86_64, r-release-linux-x86_64