CRAN Package Check Results for Package notifyR

Last updated on 2019-10-13 23:47:25 CEST.

Flavor Version Tinstall Tcheck Ttotal Status Flags
r-devel-linux-x86_64-debian-clang 1.02 2.44 22.03 24.47 NOTE
r-devel-linux-x86_64-debian-gcc 1.02 1.90 17.95 19.85 NOTE
r-devel-linux-x86_64-fedora-clang 1.02 30.23 NOTE
r-devel-linux-x86_64-fedora-gcc 1.02 29.13 NOTE
r-devel-windows-ix86+x86_64 1.02 10.00 37.00 47.00 OK
r-patched-linux-x86_64 1.02 2.15 21.55 23.70 NOTE
r-patched-solaris-x86 1.02 47.90 OK
r-release-linux-x86_64 1.02 2.18 21.84 24.02 NOTE
r-release-windows-ix86+x86_64 1.02 9.00 36.00 45.00 OK
r-release-osx-x86_64 1.02 OK
r-oldrel-windows-ix86+x86_64 1.02 3.00 52.00 55.00 OK
r-oldrel-osx-x86_64 1.02 OK

Check Details

Version: 1.02
Check: Rd line widths
Result: NOTE
    Rd file 'notifyR-package.Rd':
     \examples lines wider than 100 characters:
     send_push(userkey,message="finished.",title="World Simulation",url="http://www.myRresults.com/",url_title="View Results online.",priori ... [TRUNCATED]
    
    Rd file 'send_push.Rd':
     \usage lines wider than 90 characters:
     send_push(user, message, title = "", device = "", url = "", url_title = "", priority = FALSE, timestamp = Sys.time())
     \examples lines wider than 100 characters:
     send_push(userkey,message="finished.",title="World Simulation",url="http://www.myRresults.com/",url_title="View Results online.",priori ... [TRUNCATED]
    
    These lines will be truncated in the PDF manual.
Flavors: r-devel-linux-x86_64-debian-clang, r-devel-linux-x86_64-debian-gcc, r-devel-linux-x86_64-fedora-clang, r-devel-linux-x86_64-fedora-gcc, r-patched-linux-x86_64, r-release-linux-x86_64