CRAN Package Check Results for Package nosoi

Last updated on 2021-04-20 23:47:50 CEST.

Flavor Version Tinstall Tcheck Ttotal Status Flags
r-devel-linux-x86_64-debian-clang 1.0.3 6.47 193.68 200.15 NOTE
r-devel-linux-x86_64-debian-gcc 1.0.3 4.57 139.69 144.26 NOTE
r-devel-linux-x86_64-fedora-clang 1.0.3 244.66 NOTE
r-devel-linux-x86_64-fedora-gcc 1.0.3 226.23 NOTE
r-devel-windows-ix86+x86_64 1.0.3 11.00 161.00 172.00 NOTE
r-devel-windows-x86_64-gcc10-UCRT 1.0.3 NOTE
r-patched-linux-x86_64 1.0.3 6.83 182.12 188.95 WARN
r-patched-solaris-x86 1.0.3 298.10 NOTE
r-release-linux-x86_64 1.0.3 5.73 182.54 188.27 OK
r-release-macos-x86_64 1.0.3 NOTE
r-release-windows-ix86+x86_64 1.0.3 11.00 176.00 187.00 OK
r-oldrel-macos-x86_64 1.0.3 OK
r-oldrel-windows-ix86+x86_64 1.0.3 8.00 213.00 221.00 OK

Check Details

Version: 1.0.3
Check: LazyData
Result: NOTE
     'LazyData' is specified without a 'data' directory
Flavors: r-devel-linux-x86_64-debian-clang, r-devel-linux-x86_64-debian-gcc, r-devel-linux-x86_64-fedora-clang, r-devel-linux-x86_64-fedora-gcc, r-devel-windows-ix86+x86_64, r-devel-windows-x86_64-gcc10-UCRT

Version: 1.0.3
Check: package dependencies
Result: NOTE
    Package suggested but not available for checking: 'gifski'
Flavors: r-devel-windows-x86_64-gcc10-UCRT, r-patched-solaris-x86

Version: 1.0.3
Check: whether package can be installed
Result: WARN
    Found the following significant warnings:
     Rd warning: /tmp/Rtmp114f6v/R.INSTALLd6559b1167e/nosoi/man/getCumulative.Rd:21: file link ‘data.table-package’ in package ‘data.table’ does not exist and so has been treated as a topic
     Rd warning: /tmp/Rtmp114f6v/R.INSTALLd6559b1167e/nosoi/man/getCumulative.Rd:13: file link ‘data.table-package’ in package ‘data.table’ does not exist and so has been treated as a topic
     Rd warning: /tmp/Rtmp114f6v/R.INSTALLd6559b1167e/nosoi/man/getDynamic.Rd:22: file link ‘data.table-package’ in package ‘data.table’ does not exist and so has been treated as a topic
     Rd warning: /tmp/Rtmp114f6v/R.INSTALLd6559b1167e/nosoi/man/getDynamic.Rd:13: file link ‘data.table-package’ in package ‘data.table’ does not exist and so has been treated as a topic
     Rd warning: /tmp/Rtmp114f6v/R.INSTALLd6559b1167e/nosoi/man/getHostData.Rd:21: file link ‘data.table-package’ in package ‘data.table’ does not exist and so has been treated as a topic
     Rd warning: /tmp/Rtmp114f6v/R.INSTALLd6559b1167e/nosoi/man/getTableHosts.Rd:15: file link ‘data.table-package’ in package ‘data.table’ does not exist and so has been treated as a topic
     Rd warning: /tmp/Rtmp114f6v/R.INSTALLd6559b1167e/nosoi/man/getTableState.Rd:15: file link ‘data.table-package’ in package ‘data.table’ does not exist and so has been treated as a topic
     Rd warning: /tmp/Rtmp114f6v/R.INSTALLd6559b1167e/nosoi/man/keep.tip.treedata.Rd:10: file link ‘keep.tip’ in package ‘ape’ does not exist and so has been treated as a topic
     Rd warning: /tmp/Rtmp114f6v/R.INSTALLd6559b1167e/nosoi/man/nosoiSummary.Rd:21: file link ‘data.table-package’ in package ‘data.table’ does not exist and so has been treated as a topic
     Rd warning: /tmp/Rtmp114f6v/R.INSTALLd6559b1167e/nosoi/man/nosoiSummary.Rd:22: file link ‘data.table-package’ in package ‘data.table’ does not exist and so has been treated as a topic
     Rd warning: /tmp/Rtmp114f6v/R.INSTALLd6559b1167e/nosoi/man/sampleTransmissionTree.Rd:14: file link ‘data.table-package’ in package ‘data.table’ does not exist and so has been treated as a topic
Flavor: r-patched-linux-x86_64

Version: 1.0.3
Check: package dependencies
Result: NOTE
    Packages suggested but not available for checking: 'treeio', 'ggtree'
Flavor: r-release-macos-x86_64

Version: 1.0.3
Check: Rd cross-references
Result: NOTE
    Package unavailable to check Rd xrefs: ‘treeio’
Flavor: r-release-macos-x86_64