CRAN Package Check Results for Package nord

Last updated on 2023-10-04 00:58:30 CEST.

Flavor Version Tinstall Tcheck Ttotal Status Flags
r-devel-linux-x86_64-debian-clang 1.0.0 4.99 49.99 54.98 NOTE
r-devel-linux-x86_64-debian-gcc 1.0.0 3.41 38.25 41.66 NOTE
r-devel-linux-x86_64-fedora-clang 1.0.0 68.67 NOTE
r-devel-linux-x86_64-fedora-gcc 1.0.0 67.40 NOTE
r-devel-windows-x86_64 1.0.0 7.00 65.00 72.00 NOTE
r-patched-linux-x86_64 1.0.0 4.89 48.23 53.12 NOTE
r-release-linux-x86_64 1.0.0 4.00 48.82 52.82 NOTE
r-release-macos-arm64 1.0.0 27.00 NOTE
r-release-macos-x86_64 1.0.0 37.00 NOTE
r-release-windows-x86_64 1.0.0 8.00 68.00 76.00 NOTE
r-oldrel-macos-arm64 1.0.0 24.00 NOTE
r-oldrel-macos-x86_64 1.0.0 48.00 NOTE
r-oldrel-windows-x86_64 1.0.0 8.00 71.00 79.00 NOTE

Check Details

Version: 1.0.0
Check: LazyData
Result: NOTE
     'LazyData' is specified without a 'data' directory
Flavors: r-devel-linux-x86_64-debian-clang, r-devel-linux-x86_64-debian-gcc, r-devel-linux-x86_64-fedora-clang, r-devel-linux-x86_64-fedora-gcc, r-devel-windows-x86_64, r-patched-linux-x86_64, r-release-linux-x86_64, r-release-macos-arm64, r-release-macos-x86_64, r-release-windows-x86_64, r-oldrel-macos-arm64, r-oldrel-macos-x86_64, r-oldrel-windows-x86_64