CRAN Package Check Results for Package noisyCE2

Last updated on 2022-12-02 23:50:34 CET.

Flavor Version Tinstall Tcheck Ttotal Status Flags
r-devel-linux-x86_64-debian-clang 1.1.0 1.85 27.09 28.94 NOTE
r-devel-linux-x86_64-debian-gcc 1.1.0 1.55 21.09 22.64 NOTE
r-devel-linux-x86_64-fedora-clang 1.1.0 48.15 NOTE
r-devel-linux-x86_64-fedora-gcc 1.1.0 45.27 NOTE
r-devel-windows-x86_64 1.1.0 14.00 55.00 69.00 NOTE
r-patched-linux-x86_64 1.1.0 2.50 25.03 27.53 NOTE
r-release-linux-x86_64 1.1.0 2.39 24.95 27.34 NOTE
r-release-macos-arm64 1.1.0 17.00 NOTE
r-release-macos-x86_64 1.1.0 21.00 NOTE
r-release-windows-x86_64 1.1.0 14.00 53.00 67.00 NOTE
r-oldrel-macos-arm64 1.1.0 19.00 NOTE
r-oldrel-macos-x86_64 1.1.0 26.00 NOTE
r-oldrel-windows-ix86+x86_64 1.1.0 6.00 49.00 55.00 NOTE

Check Details

Version: 1.1.0
Check: LazyData
Result: NOTE
     'LazyData' is specified without a 'data' directory
Flavors: r-devel-linux-x86_64-debian-clang, r-devel-linux-x86_64-debian-gcc, r-devel-linux-x86_64-fedora-clang, r-devel-linux-x86_64-fedora-gcc, r-devel-windows-x86_64, r-patched-linux-x86_64, r-release-linux-x86_64, r-release-macos-arm64, r-release-macos-x86_64, r-release-windows-x86_64, r-oldrel-macos-arm64, r-oldrel-macos-x86_64, r-oldrel-windows-ix86+x86_64