CRAN Package Check Results for Package node2vec

Last updated on 2021-04-17 23:48:33 CEST.

Flavor Version Tinstall Tcheck Ttotal Status Flags
r-devel-linux-x86_64-debian-clang 0.1.0 9.28 91.38 100.66 OK
r-devel-linux-x86_64-debian-gcc 0.1.0 8.27 68.04 76.31 OK
r-devel-linux-x86_64-fedora-clang 0.1.0 130.07 OK
r-devel-linux-x86_64-fedora-gcc 0.1.0 123.85 OK
r-devel-windows-ix86+x86_64 0.1.0 26.00 94.00 120.00 OK
r-devel-windows-x86_64-gcc10-UCRT 0.1.0 OK
r-patched-linux-x86_64 0.1.0 9.91 83.96 93.87 OK
r-patched-solaris-x86 0.1.0 178.70 OK
r-release-linux-x86_64 0.1.0 8.52 83.60 92.12 OK
r-release-macos-x86_64 0.1.0 OK
r-release-windows-ix86+x86_64 0.1.0 36.00 110.00 146.00 OK
r-oldrel-macos-x86_64 0.1.0 ERROR
r-oldrel-windows-ix86+x86_64 0.1.0 14.00 99.00 113.00 ERROR

Check Details

Version: 0.1.0
Check: examples
Result: ERROR
    Running examples in ‘node2vec-Ex.R’ failed
    The error most likely occurred in:
    
    > ### Name: node2vecR
    > ### Title: Algorithmic Framework for Representational Learning on Graphs
    > ### Aliases: node2vecR
    >
    > ### ** Examples
    >
    > #Parameters can be customized as needed
    > data(gene_edges)
    > use_data<-gene_edges
    > emb<-node2vecR(use_data,p=2,q=1,num_walks=5,walk_length=5,dim=10)
    [1] "The normalized probabilities finished."
    [1] 1
    Warning in `[[<-.factor`(`*tmp*`, i, value = 0.0909090909090909) :
     invalid factor level, NA generated
    Warning in `[[<-.factor`(`*tmp*`, i, value = 0.181818181818182) :
     invalid factor level, NA generated
    Warning in `[[<-.factor`(`*tmp*`, i, value = 0.181818181818182) :
     invalid factor level, NA generated
    Warning in `[[<-.factor`(`*tmp*`, i, value = 0.181818181818182) :
     invalid factor level, NA generated
    Warning in `[[<-.factor`(`*tmp*`, i, value = 0.181818181818182) :
     invalid factor level, NA generated
    Warning in `[[<-.factor`(`*tmp*`, i, value = 0.181818181818182) :
     invalid factor level, NA generated
    Error in if (q[i] > 1) { : missing value where TRUE/FALSE needed
    Calls: node2vecR -> get_alias_1node_edge -> alias_setup
    Execution halted
Flavors: r-oldrel-macos-x86_64, r-oldrel-windows-ix86+x86_64