Last updated on 2021-04-22 23:49:47 CEST.
Flavor | Version | Tinstall | Tcheck | Ttotal | Status | Flags |
---|---|---|---|---|---|---|
r-devel-linux-x86_64-debian-clang | 0.1.0 | 3.66 | 44.93 | 48.59 | NOTE | |
r-devel-linux-x86_64-debian-gcc | 0.1.0 | 2.48 | 34.01 | 36.49 | NOTE | |
r-devel-linux-x86_64-fedora-clang | 0.1.0 | 68.40 | NOTE | |||
r-devel-linux-x86_64-fedora-gcc | 0.1.0 | 56.08 | NOTE | |||
r-devel-windows-ix86+x86_64 | 0.1.0 | 7.00 | 56.00 | 63.00 | NOTE | |
r-devel-windows-x86_64-gcc10-UCRT | 0.1.0 | NOTE | ||||
r-patched-linux-x86_64 | 0.1.0 | 3.51 | 45.00 | 48.51 | OK | |
r-patched-solaris-x86 | 0.1.0 | 91.10 | NOTE | |||
r-release-linux-x86_64 | 0.1.0 | 2.85 | 45.35 | 48.20 | OK | |
r-release-macos-x86_64 | 0.1.0 | NOTE | ||||
r-release-windows-ix86+x86_64 | 0.1.0 | 8.00 | 51.00 | 59.00 | OK | |
r-oldrel-macos-x86_64 | 0.1.0 | NOTE | ||||
r-oldrel-windows-ix86+x86_64 | 0.1.0 | 26.00 | 64.00 | 90.00 | OK |
Version: 0.1.0
Check: LazyData
Result: NOTE
'LazyData' is specified without a 'data' directory
Flavors: r-devel-linux-x86_64-debian-clang, r-devel-linux-x86_64-debian-gcc, r-devel-linux-x86_64-fedora-clang, r-devel-linux-x86_64-fedora-gcc, r-devel-windows-ix86+x86_64, r-devel-windows-x86_64-gcc10-UCRT
Version: 0.1.0
Check: dependencies in R code
Result: NOTE
Namespaces in Imports field not imported from:
‘R6’ ‘crayon’ ‘digest’ ‘hash’
All declared Imports should be used.
Flavors: r-devel-linux-x86_64-fedora-clang, r-devel-linux-x86_64-fedora-gcc, r-devel-windows-x86_64-gcc10-UCRT, r-patched-solaris-x86, r-release-macos-x86_64, r-oldrel-macos-x86_64