Last updated on 2022-06-28 23:54:10 CEST.
Flavor | Version | Tinstall | Tcheck | Ttotal | Status | Flags |
---|---|---|---|---|---|---|
r-devel-linux-x86_64-debian-clang | 1.2.0 | 2.55 | 36.27 | 38.82 | OK | |
r-devel-linux-x86_64-debian-gcc | 1.2.0 | 1.93 | 27.86 | 29.79 | OK | |
r-devel-linux-x86_64-fedora-clang | 1.2.0 | 56.80 | NOTE | |||
r-devel-linux-x86_64-fedora-gcc | 1.2.0 | 55.59 | NOTE | |||
r-devel-windows-x86_64 | 1.2.0 | 8.00 | 68.00 | 76.00 | OK | |
r-patched-linux-x86_64 | 1.2.0 | 1.62 | 35.42 | 37.04 | OK | |
r-release-linux-x86_64 | 1.2.0 | 1.83 | 35.18 | 37.01 | OK | |
r-release-macos-arm64 | 1.2.0 | 42.00 | NOTE | |||
r-release-macos-x86_64 | 1.2.0 | 52.00 | NOTE | |||
r-release-windows-x86_64 | 1.2.0 | 9.00 | 67.00 | 76.00 | OK | |
r-oldrel-macos-arm64 | 1.2.0 | 41.00 | NOTE | |||
r-oldrel-macos-x86_64 | 1.2.0 | 1803.00 | NOTE | |||
r-oldrel-windows-ix86+x86_64 | 1.2.0 | 7.00 | 46.00 | 53.00 | OK |
Version: 1.2.0
Check: dependencies in R code
Result: NOTE
Namespaces in Imports field not imported from:
‘devtools’ ‘jsonlite’
All declared Imports should be used.
Flavors: r-devel-linux-x86_64-fedora-clang, r-devel-linux-x86_64-fedora-gcc, r-release-macos-arm64, r-release-macos-x86_64, r-oldrel-macos-arm64, r-oldrel-macos-x86_64