CRAN Package Check Results for Package nmaINLA

Last updated on 2020-09-26 23:46:40 CEST.

Flavor Version Tinstall Tcheck Ttotal Status Flags
r-devel-linux-x86_64-debian-clang 0.2.0 2.69 33.37 36.06 NOTE
r-devel-linux-x86_64-debian-gcc 0.2.0 2.31 26.39 28.70 NOTE
r-devel-linux-x86_64-fedora-clang 0.2.0 90.32 OK
r-devel-linux-x86_64-fedora-gcc 0.2.0 84.33 OK
r-devel-windows-ix86+x86_64 0.2.0 6.00 63.00 69.00 OK
r-patched-linux-x86_64 0.2.0 2.67 32.37 35.04 NOTE
r-release-linux-x86_64 0.2.0 2.74 32.42 35.16 NOTE
r-release-macos-x86_64 0.2.0 NOTE
r-release-windows-ix86+x86_64 0.2.0 6.00 59.00 65.00 OK
r-oldrel-macos-x86_64 0.2.0 NOTE
r-oldrel-windows-ix86+x86_64 0.2.0 5.00 93.00 98.00 OK

Check Details

Version: 0.2.0
Check: package dependencies
Result: NOTE
    Package suggested but not available for checking: 'INLA'
Flavors: r-devel-linux-x86_64-debian-clang, r-devel-linux-x86_64-debian-gcc, r-patched-linux-x86_64, r-release-linux-x86_64, r-release-macos-x86_64, r-oldrel-macos-x86_64