CRAN Package Check Results for Package nlraa

Last updated on 2022-01-18 23:47:52 CET.

Flavor Version Tinstall Tcheck Ttotal Status Flags
r-devel-linux-x86_64-debian-clang 0.98 18.03 419.54 437.57 OK
r-devel-linux-x86_64-debian-gcc 0.98 17.99 308.53 326.52 OK
r-devel-linux-x86_64-fedora-clang 0.98 512.40 OK
r-devel-linux-x86_64-fedora-gcc 0.98 505.81 OK
r-devel-windows-x86_64-new-UL 0.98 107.00 470.00 577.00 OK
r-devel-windows-x86_64-new-TK 0.98 WARN
r-patched-linux-x86_64 0.98 19.73 417.00 436.73 OK
r-release-linux-x86_64 0.98 OK
r-release-macos-arm64 0.98 OK
r-release-macos-x86_64 0.98 OK
r-release-windows-ix86+x86_64 0.98 34.00 479.00 513.00 OK
r-oldrel-macos-x86_64 0.98 OK
r-oldrel-windows-ix86+x86_64 0.98 34.00 496.00 530.00 OK

Check Details

Version: 0.98
Check: package dependencies
Result: NOTE
    Package suggested but not available for checking: 'car'
Flavor: r-devel-windows-x86_64-new-TK

Version: 0.98
Check: Rd cross-references
Result: NOTE
    Package unavailable to check Rd xrefs: 'car'
Flavor: r-devel-windows-x86_64-new-TK

Version: 0.98
Check: re-building of vignette outputs
Result: WARN
    Error(s) in re-building vignettes:
    --- re-building 'Bootstrapping.Rmd' using rmarkdown
    Quitting from lines 21-25 (Bootstrapping.Rmd)
    Error: processing vignette 'Bootstrapping.Rmd' failed with diagnostics:
    there is no package called 'car'
    --- failed re-building 'Bootstrapping.Rmd'
    
    --- re-building 'Confidence-Bands.Rmd' using rmarkdown
    --- finished re-building 'Confidence-Bands.Rmd'
    
    --- re-building 'Models-and-Functions.Rmd' using rmarkdown
    --- finished re-building 'Models-and-Functions.Rmd'
    
    --- re-building 'nlraa-AgronJ-paper.Rmd' using rmarkdown
    --- finished re-building 'nlraa-AgronJ-paper.Rmd'
    
    --- re-building 'nlraa.Rmd' using rmarkdown
    --- finished re-building 'nlraa.Rmd'
    
    SUMMARY: processing the following file failed:
     'Bootstrapping.Rmd'
    
    Error: Vignette re-building failed.
    Execution halted
Flavor: r-devel-windows-x86_64-new-TK