CRAN Package Check Results for Package nloptr

Last updated on 2023-02-05 23:58:51 CET.

Flavor Version Tinstall Tcheck Ttotal Status Flags
r-devel-linux-x86_64-debian-clang 2.0.3 30.59 47.68 78.27 NOTE
r-devel-linux-x86_64-debian-gcc 2.0.3 29.75 35.38 65.13 NOTE
r-devel-linux-x86_64-fedora-clang 2.0.3 100.10 NOTE
r-devel-linux-x86_64-fedora-gcc 2.0.3 116.94 NOTE
r-devel-windows-x86_64 2.0.3 48.00 129.00 177.00 NOTE
r-patched-linux-x86_64 2.0.3 28.42 43.58 72.00 OK
r-release-linux-x86_64 2.0.3 22.73 45.20 67.93 OK
r-release-macos-arm64 2.0.3 53.00 NOTE
r-release-macos-x86_64 2.0.3 51.00 NOTE
r-release-windows-x86_64 2.0.3 55.00 113.00 168.00 OK
r-oldrel-macos-arm64 2.0.3 53.00 NOTE
r-oldrel-macos-x86_64 2.0.3 53.00 NOTE
r-oldrel-windows-ix86+x86_64 2.0.3 66.00 122.00 188.00 OK

Check Details

Version: 2.0.3
Check: C++ specification
Result: NOTE
     Specified C++11: please update to current default of C++17
Flavors: r-devel-linux-x86_64-debian-clang, r-devel-linux-x86_64-debian-gcc, r-devel-linux-x86_64-fedora-clang, r-devel-linux-x86_64-fedora-gcc, r-devel-windows-x86_64

Version: 2.0.3
Check: installed package size
Result: NOTE
     installed size is 6.1Mb
     sub-directories of 1Mb or more:
     libs 5.7Mb
Flavors: r-release-macos-arm64, r-release-macos-x86_64, r-oldrel-macos-arm64, r-oldrel-macos-x86_64