Last updated on 2022-07-01 23:53:28 CEST.
Flavor | Version | Tinstall | Tcheck | Ttotal | Status | Flags |
---|---|---|---|---|---|---|
r-devel-linux-x86_64-debian-clang | 0.3.5 | 38.86 | 350.39 | 389.25 | OK | |
r-devel-linux-x86_64-debian-gcc | 0.3.5 | 29.23 | 266.28 | 295.51 | OK | |
r-devel-linux-x86_64-fedora-clang | 0.3.5 | 477.55 | WARN | |||
r-devel-linux-x86_64-fedora-gcc | 0.3.5 | 478.77 | WARN | |||
r-devel-windows-x86_64 | 0.3.5 | 43.00 | 356.00 | 399.00 | OK | |
r-patched-linux-x86_64 | 0.3.5 | 38.80 | 338.37 | 377.17 | OK | |
r-release-linux-x86_64 | 0.3.5 | 35.59 | 338.75 | 374.34 | OK | |
r-release-macos-arm64 | 0.3.5 | 127.00 | OK | |||
r-release-macos-x86_64 | 0.3.5 | 214.00 | OK | |||
r-release-windows-x86_64 | 0.3.5 | 36.00 | 343.00 | 379.00 | OK | |
r-oldrel-macos-arm64 | 0.3.5 | 162.00 | OK | |||
r-oldrel-macos-x86_64 | 0.3.5 | 188.00 | NOTE | |||
r-oldrel-windows-ix86+x86_64 | 0.3.5 | 77.00 | 346.00 | 423.00 | OK |
Version: 0.3.5
Check: package dependencies
Result: WARN
Requires (indirectly) orphaned package: ‘gtools’
Flavors: r-devel-linux-x86_64-fedora-clang, r-devel-linux-x86_64-fedora-gcc
Version: 0.3.5
Check: package dependencies
Result: NOTE
Package suggested but not available for checking: ‘ALL’
Flavor: r-oldrel-macos-x86_64