Last updated on 2022-07-02 23:50:42 CEST.
Flavor | Version | Tinstall | Tcheck | Ttotal | Status | Flags |
---|---|---|---|---|---|---|
r-devel-linux-x86_64-debian-clang | 0.3.2 | 7.16 | 66.09 | 73.25 | OK | |
r-devel-linux-x86_64-debian-gcc | 0.3.2 | 4.59 | 49.30 | 53.89 | OK | |
r-devel-linux-x86_64-fedora-clang | 0.3.2 | 98.49 | NOTE | |||
r-devel-linux-x86_64-fedora-gcc | 0.3.2 | 95.56 | NOTE | |||
r-devel-windows-x86_64 | 0.3.2 | 15.00 | 98.00 | 113.00 | OK | |
r-patched-linux-x86_64 | 0.3.2 | 5.58 | 63.02 | 68.60 | OK | |
r-release-linux-x86_64 | 0.3.2 | 7.16 | 62.61 | 69.77 | OK | |
r-release-macos-arm64 | 0.3.2 | 32.00 | NOTE | |||
r-release-macos-x86_64 | 0.3.2 | 52.00 | NOTE | |||
r-release-windows-x86_64 | 0.3.2 | 17.00 | 93.00 | 110.00 | OK | |
r-oldrel-macos-arm64 | 0.3.2 | 32.00 | NOTE | |||
r-oldrel-macos-x86_64 | 0.3.2 | 51.00 | NOTE | |||
r-oldrel-windows-ix86+x86_64 | 0.3.2 | 18.00 | 83.00 | 101.00 | OK |
Version: 0.3.2
Check: data for non-ASCII characters
Result: NOTE
Note: found 4 marked UTF-8 strings
Flavors: r-devel-linux-x86_64-fedora-clang, r-devel-linux-x86_64-fedora-gcc, r-release-macos-arm64, r-release-macos-x86_64, r-oldrel-macos-arm64, r-oldrel-macos-x86_64