CRAN Package Check Results for Package nimbleSCR

Last updated on 2022-12-02 23:50:34 CET.

Flavor Version Tinstall Tcheck Ttotal Status Flags
r-devel-linux-x86_64-debian-clang 0.2.1 25.06 521.34 546.40 OK
r-devel-linux-x86_64-debian-gcc 0.2.1 20.80 384.60 405.40 OK
r-devel-linux-x86_64-fedora-clang 0.2.1 682.87 NOTE
r-devel-linux-x86_64-fedora-gcc 0.2.1 693.42 NOTE
r-devel-windows-x86_64 0.2.1 114.00 423.00 537.00 NOTE
r-patched-linux-x86_64 0.2.0 21.39 469.51 490.90 OK
r-release-linux-x86_64 0.2.1 22.85 464.67 487.52 OK
r-release-macos-arm64 0.2.1 176.00 NOTE
r-release-macos-x86_64 0.2.1 274.00 NOTE
r-release-windows-x86_64 0.2.1 108.00 386.00 494.00 NOTE
r-oldrel-macos-arm64 0.2.1 177.00 NOTE
r-oldrel-macos-x86_64 0.2.1 266.00 NOTE
r-oldrel-windows-ix86+x86_64 0.2.1 51.00 496.00 547.00 NOTE

Check Details

Version: 0.2.1
Check: installed package size
Result: NOTE
     installed size is 6.9Mb
     sub-directories of 1Mb or more:
     doc 4.0Mb
     extdata 1.8Mb
Flavors: r-devel-linux-x86_64-fedora-clang, r-devel-windows-x86_64, r-release-macos-arm64, r-release-macos-x86_64, r-release-windows-x86_64, r-oldrel-macos-arm64, r-oldrel-macos-x86_64, r-oldrel-windows-ix86+x86_64

Version: 0.2.1
Check: dependencies in R code
Result: NOTE
    Namespace in Imports field not imported from: ‘methods’
     All declared Imports should be used.
Flavors: r-devel-linux-x86_64-fedora-clang, r-devel-linux-x86_64-fedora-gcc, r-release-macos-arm64, r-release-macos-x86_64, r-oldrel-macos-arm64, r-oldrel-macos-x86_64