CRAN Package Check Results for Package nhds

Last updated on 2019-10-20 23:47:30 CEST.

Flavor Version Tinstall Tcheck Ttotal Status Flags
r-devel-linux-x86_64-debian-clang 1.0.3 13.05 34.43 47.48 OK
r-devel-linux-x86_64-debian-gcc 1.0.3 12.39 29.11 41.50 OK
r-devel-linux-x86_64-fedora-clang 1.0.3 62.93 NOTE
r-devel-linux-x86_64-fedora-gcc 1.0.3 67.00 OK
r-devel-windows-ix86+x86_64 1.0.3 22.00 79.00 101.00 NOTE
r-patched-linux-x86_64 1.0.3 12.46 33.22 45.68 OK
r-patched-solaris-x86 1.0.3 103.20 NOTE
r-release-linux-x86_64 1.0.3 12.49 33.46 45.95 OK
r-release-windows-ix86+x86_64 1.0.3 24.00 49.00 73.00 NOTE
r-release-osx-x86_64 1.0.3 NOTE
r-oldrel-windows-ix86+x86_64 1.0.3 17.00 44.00 61.00 NOTE
r-oldrel-osx-x86_64 1.0.3 NOTE

Check Details

Version: 1.0.3
Check: installed package size
Result: NOTE
     installed size is 6.2Mb
     sub-directories of 1Mb or more:
     data 5.9Mb
Flavors: r-devel-linux-x86_64-fedora-clang, r-devel-windows-ix86+x86_64, r-patched-solaris-x86, r-release-windows-ix86+x86_64, r-release-osx-x86_64, r-oldrel-windows-ix86+x86_64, r-oldrel-osx-x86_64