CRAN Package Check Results for Package nhds

Last updated on 2021-01-18 23:49:39 CET.

Flavor Version Tinstall Tcheck Ttotal Status Flags
r-devel-linux-x86_64-debian-clang 1.0.3 13.66 38.23 51.89 NOTE
r-devel-linux-x86_64-debian-gcc 1.0.3 13.15 31.62 44.77 NOTE
r-devel-linux-x86_64-fedora-clang 1.0.3 75.73 NOTE
r-devel-linux-x86_64-fedora-gcc 1.0.3 66.44 NOTE
r-devel-windows-ix86+x86_64 1.0.3 18.00 50.00 68.00 NOTE
r-patched-linux-x86_64 1.0.3 12.24 36.92 49.16 NOTE
r-patched-solaris-x86 1.0.3 108.90 NOTE
r-release-linux-x86_64 1.0.3 12.54 37.52 50.06 NOTE
r-release-macos-x86_64 1.0.3 NOTE
r-release-windows-ix86+x86_64 1.0.3 20.00 44.00 64.00 NOTE
r-oldrel-macos-x86_64 1.0.3 NOTE
r-oldrel-windows-ix86+x86_64 1.0.3 17.00 42.00 59.00 NOTE

Check Details

Version: 1.0.3
Check: package dependencies
Result: NOTE
    Package suggested but not available for checking: 'icd'
Flavors: r-devel-linux-x86_64-debian-clang, r-devel-linux-x86_64-debian-gcc, r-devel-linux-x86_64-fedora-clang, r-devel-linux-x86_64-fedora-gcc, r-patched-linux-x86_64, r-patched-solaris-x86, r-release-linux-x86_64

Version: 1.0.3
Check: installed package size
Result: NOTE
     installed size is 6.2Mb
     sub-directories of 1Mb or more:
     data 5.9Mb
Flavors: r-devel-linux-x86_64-fedora-clang, r-devel-windows-ix86+x86_64, r-patched-solaris-x86, r-release-macos-x86_64, r-release-windows-ix86+x86_64, r-oldrel-macos-x86_64, r-oldrel-windows-ix86+x86_64