Last updated on 2021-04-17 23:48:33 CEST.
Flavor | Version | Tinstall | Tcheck | Ttotal | Status | Flags |
---|---|---|---|---|---|---|
r-devel-linux-x86_64-debian-clang | 1.2.0 | 4.56 | 55.99 | 60.55 | OK | |
r-devel-linux-x86_64-debian-gcc | 1.2.0 | 3.35 | 43.08 | 46.43 | OK | |
r-devel-linux-x86_64-fedora-clang | 1.2.0 | 81.27 | NOTE | |||
r-devel-linux-x86_64-fedora-gcc | 1.2.0 | 77.59 | NOTE | |||
r-devel-windows-ix86+x86_64 | 1.2.0 | 11.00 | 5.00 | 16.00 | ERROR | |
r-devel-windows-x86_64-gcc10-UCRT | 1.2.0 | NOTE | ||||
r-patched-linux-x86_64 | 1.2.0 | 4.08 | 54.53 | 58.61 | OK | |
r-patched-solaris-x86 | 1.2.0 | 101.80 | NOTE | |||
r-release-linux-x86_64 | 1.2.0 | 4.23 | 54.01 | 58.24 | OK | |
r-release-macos-x86_64 | 1.2.0 | NOTE | ||||
r-release-windows-ix86+x86_64 | 1.2.0 | 27.00 | 81.00 | 108.00 | OK | |
r-oldrel-macos-x86_64 | 1.2.0 | NOTE | ||||
r-oldrel-windows-ix86+x86_64 | 1.2.0 | 4.00 | 80.00 | 84.00 | OK |
Version: 1.2.0
Check: dependencies in R code
Result: NOTE
Namespace in Imports field not imported from: ‘Rdpack’
All declared Imports should be used.
Flavors: r-devel-linux-x86_64-fedora-clang, r-devel-linux-x86_64-fedora-gcc, r-devel-windows-x86_64-gcc10-UCRT, r-patched-solaris-x86, r-release-macos-x86_64, r-oldrel-macos-x86_64
Version: 1.2.0
Check: whether package can be installed
Result: ERROR
See * DONE
Flavor: r-devel-windows-ix86+x86_64