CRAN Package Check Results for Package netSEM

Last updated on 2022-06-29 23:53:25 CEST.

Flavor Version Tinstall Tcheck Ttotal Status Flags
r-devel-linux-x86_64-debian-clang 0.5.1 7.96 70.64 78.60 OK
r-devel-linux-x86_64-debian-gcc 0.5.1 6.16 53.66 59.82 OK
r-devel-linux-x86_64-fedora-clang 0.5.1 102.64 WARN
r-devel-linux-x86_64-fedora-gcc 0.5.1 103.01 WARN
r-devel-windows-x86_64 0.5.1 20.00 106.00 126.00 OK
r-patched-linux-x86_64 0.5.1 5.46 66.39 71.85 OK
r-release-linux-x86_64 0.5.1 4.91 68.11 73.02 OK
r-release-macos-arm64 0.5.1 31.00 OK
r-release-macos-x86_64 0.5.1 48.00 OK
r-release-windows-x86_64 0.5.1 27.00 112.00 139.00 OK
r-oldrel-macos-arm64 0.5.1 37.00 OK
r-oldrel-macos-x86_64 0.5.1 45.00 OK
r-oldrel-windows-ix86+x86_64 0.5.1 20.00 107.00 127.00 OK

Check Details

Version: 0.5.1
Check: package dependencies
Result: WARN
    Requires orphaned package: ‘gtools’
Flavors: r-devel-linux-x86_64-fedora-clang, r-devel-linux-x86_64-fedora-gcc