CRAN Package Check Results for Package neonstore

Last updated on 2022-10-05 23:55:06 CEST.

Flavor Version Tinstall Tcheck Ttotal Status Flags
r-devel-linux-x86_64-debian-clang 0.4.4 7.34 75.50 82.84 OK
r-devel-linux-x86_64-debian-gcc 0.4.4 6.94 55.71 62.65 OK
r-devel-linux-x86_64-fedora-clang 0.4.4 118.72 OK
r-devel-linux-x86_64-fedora-gcc 0.4.4 105.81 OK
r-devel-windows-x86_64 0.4.4 51.00 105.00 156.00 OK
r-patched-linux-x86_64 0.4.4 8.24 68.69 76.93 OK
r-release-linux-x86_64 0.4.4 7.74 70.50 78.24 OK
r-release-macos-arm64 0.4.4 27.00 NOTE
r-release-macos-x86_64 0.4.4 42.00 OK
r-release-windows-x86_64 0.4.4 59.00 100.00 159.00 OK
r-oldrel-macos-arm64 0.4.4 39.00 OK
r-oldrel-macos-x86_64 0.4.4 42.00 OK
r-oldrel-windows-ix86+x86_64 0.4.4 20.00 94.00 114.00 OK

Check Details

Version: 0.4.4
Check: package dependencies
Result: NOTE
    Package suggested but not available for checking: ‘rhdf5’
Flavor: r-release-macos-arm64