CRAN Package Check Results for Package ncdf4

Last updated on 2019-06-07 02:51:00 CEST.

Flavor Version Tinstall Tcheck Ttotal Status Flags
r-devel-linux-x86_64-debian-clang 1.16.1 7.74 30.61 38.35 NOTE
r-devel-linux-x86_64-debian-gcc 1.16.1 6.23 24.46 30.69 NOTE
r-devel-linux-x86_64-fedora-clang 1.16.1 46.54 NOTE
r-devel-linux-x86_64-fedora-gcc 1.16.1 43.94 NOTE
r-devel-windows-ix86+x86_64 1.16.1 32.00 98.00 130.00 NOTE
r-patched-linux-x86_64 1.16.1 7.29 31.24 38.53 OK
r-patched-solaris-x86 1.16.1 60.60 OK
r-release-linux-x86_64 1.16.1 6.59 31.11 37.70 OK
r-release-windows-ix86+x86_64 1.16.1 22.00 104.00 126.00 NOTE
r-release-osx-x86_64 1.16.1 NOTE
r-oldrel-windows-ix86+x86_64 1.16.1 21.00 104.00 125.00 NOTE
r-oldrel-osx-x86_64 1.16.1 NOTE

Check Details

Version: 1.16.1
Check: for non-standard things in the check directory
Result: NOTE
    Found the following files/directories:
     atttest_types.nc colornames.nc salinity.nc states_population.nc
     temperature.nc test_real3d.nc transect.nc vartypes.nc writevals.nc
Flavors: r-devel-linux-x86_64-debian-clang, r-devel-linux-x86_64-debian-gcc

Version: 1.16.1
Check: for non-standard things in the check directory
Result: NOTE
    Found the following files/directories:
     ‘atttest_types.nc’ ‘colornames.nc’ ‘salinity.nc’
     ‘states_population.nc’ ‘temperature.nc’ ‘test_real3d.nc’
     ‘transect.nc’ ‘vartypes.nc’ ‘writevals.nc’
Flavors: r-devel-linux-x86_64-fedora-clang, r-devel-linux-x86_64-fedora-gcc

Version: 1.16.1
Check: installed package size
Result: NOTE
     installed size is 9.3Mb
     sub-directories of 1Mb or more:
     libs 9.0Mb
Flavors: r-devel-windows-ix86+x86_64, r-release-windows-ix86+x86_64, r-release-osx-x86_64, r-oldrel-windows-ix86+x86_64, r-oldrel-osx-x86_64