CRAN Package Check Results for Package ncdf4

Last updated on 2020-11-23 23:50:42 CET.

Flavor Version Tinstall Tcheck Ttotal Status Flags
r-devel-linux-x86_64-debian-clang 1.17 10.02 38.50 48.52 OK
r-devel-linux-x86_64-debian-gcc 1.17 7.42 31.79 39.21 OK
r-devel-linux-x86_64-fedora-clang 1.17 63.52 OK
r-devel-linux-x86_64-fedora-gcc 1.17 53.08 OK
r-devel-windows-ix86+x86_64 1.17 20.00 71.00 91.00 NOTE
r-patched-linux-x86_64 1.17 10.76 39.74 50.50 OK
r-patched-solaris-x86 1.17 67.00 OK
r-release-linux-x86_64 1.17 8.54 36.88 45.42 OK
r-release-macos-x86_64 1.17 NOTE
r-release-windows-ix86+x86_64 1.17 17.00 69.00 86.00 NOTE
r-oldrel-macos-x86_64 1.17 NOTE
r-oldrel-windows-ix86+x86_64 1.17 27.00 98.00 125.00 NOTE

Check Details

Version: 1.17
Check: installed package size
Result: NOTE
     installed size is 8.7Mb
     sub-directories of 1Mb or more:
     libs 8.4Mb
Flavors: r-devel-windows-ix86+x86_64, r-release-macos-x86_64, r-release-windows-ix86+x86_64, r-oldrel-macos-x86_64, r-oldrel-windows-ix86+x86_64