CRAN Package Check Results for Package ncbit

Last updated on 2019-12-08 23:47:30 CET.

Flavor Version Tinstall Tcheck Ttotal Status Flags
r-devel-linux-x86_64-debian-clang 2013.03.29 2.52 45.66 48.18 NOTE
r-devel-linux-x86_64-debian-gcc 2013.03.29 1.75 38.75 40.50 NOTE
r-devel-linux-x86_64-fedora-clang 2013.03.29 58.61 NOTE
r-devel-linux-x86_64-fedora-gcc 2013.03.29 56.90 NOTE
r-devel-windows-ix86+x86_64 2013.03.29 6.00 68.00 74.00 NOTE
r-devel-windows-ix86+x86_64-gcc8 2013.03.29 5.00 73.00 78.00 NOTE
r-patched-linux-x86_64 2013.03.29 2.15 43.38 45.53 NOTE
r-patched-solaris-x86 2013.03.29 95.80 NOTE
r-release-linux-x86_64 2013.03.29 1.95 43.25 45.20 NOTE
r-release-windows-ix86+x86_64 2013.03.29 5.00 70.00 75.00 NOTE
r-release-osx-x86_64 2013.03.29 NOTE
r-oldrel-windows-ix86+x86_64 2013.03.29 3.00 42.00 45.00 NOTE
r-oldrel-osx-x86_64 2013.03.29 NOTE

Check Details

Version: 2013.03.29
Check: DESCRIPTION meta-information
Result: NOTE
    Malformed Description field: should contain one or more complete sentences.
Flavors: r-devel-linux-x86_64-debian-clang, r-devel-linux-x86_64-debian-gcc, r-devel-linux-x86_64-fedora-clang, r-devel-linux-x86_64-fedora-gcc, r-devel-windows-ix86+x86_64, r-devel-windows-ix86+x86_64-gcc8, r-patched-linux-x86_64, r-patched-solaris-x86, r-release-linux-x86_64, r-release-windows-ix86+x86_64, r-release-osx-x86_64, r-oldrel-windows-ix86+x86_64, r-oldrel-osx-x86_64

Version: 2013.03.29
Check: R code for possible problems
Result: NOTE
    ncbit : FUN: no visible global function definition for 'read.table'
    ncbit : FUN: no visible global function definition for 'head'
    Undefined global functions or variables:
     head read.table
    Consider adding
     importFrom("utils", "head", "read.table")
    to your NAMESPACE file.
Flavors: r-devel-linux-x86_64-debian-clang, r-devel-linux-x86_64-debian-gcc, r-devel-linux-x86_64-fedora-clang, r-devel-linux-x86_64-fedora-gcc, r-devel-windows-ix86+x86_64, r-devel-windows-ix86+x86_64-gcc8, r-patched-linux-x86_64, r-patched-solaris-x86, r-release-linux-x86_64, r-release-windows-ix86+x86_64, r-release-osx-x86_64, r-oldrel-windows-ix86+x86_64, r-oldrel-osx-x86_64

Version: 2013.03.29
Check: installed package size
Result: NOTE
     installed size is 9.5Mb
     sub-directories of 1Mb or more:
     data 9.4Mb
Flavors: r-devel-linux-x86_64-fedora-clang, r-devel-windows-ix86+x86_64, r-devel-windows-ix86+x86_64-gcc8, r-patched-solaris-x86, r-release-windows-ix86+x86_64, r-release-osx-x86_64, r-oldrel-windows-ix86+x86_64, r-oldrel-osx-x86_64