CRAN Package Check Results for Package ncbit

Last updated on 2022-07-05 23:55:46 CEST.

Flavor Version Tinstall Tcheck Ttotal Status Flags
r-devel-linux-x86_64-debian-clang 2013.03.29.1 3.17 47.71 50.88 OK
r-devel-linux-x86_64-debian-gcc 2013.03.29.1 2.32 39.32 41.64 OK
r-devel-linux-x86_64-fedora-clang 2013.03.29.1 71.86 NOTE
r-devel-linux-x86_64-fedora-gcc 2013.03.29.1 72.26 OK
r-devel-windows-x86_64 2013.03.29.1 8.00 70.00 78.00 NOTE
r-patched-linux-x86_64 2013.03.29.1 2.61 47.62 50.23 OK
r-release-linux-x86_64 2013.03.29.1 2.31 47.95 50.26 OK
r-release-macos-arm64 2013.03.29.1 23.00 NOTE
r-release-macos-x86_64 2013.03.29.1 36.00 NOTE
r-release-windows-x86_64 2013.03.29.1 10.00 71.00 81.00 NOTE
r-oldrel-macos-arm64 2013.03.29.1 22.00 NOTE
r-oldrel-macos-x86_64 2013.03.29.1 37.00 NOTE
r-oldrel-windows-ix86+x86_64 2013.03.29.1 5.00 71.00 76.00 NOTE

Check Details

Version: 2013.03.29.1
Check: installed package size
Result: NOTE
     installed size is 9.5Mb
     sub-directories of 1Mb or more:
     data 9.4Mb
Flavors: r-devel-linux-x86_64-fedora-clang, r-devel-windows-x86_64, r-release-macos-arm64, r-release-macos-x86_64, r-release-windows-x86_64, r-oldrel-macos-arm64, r-oldrel-macos-x86_64, r-oldrel-windows-ix86+x86_64