Last updated on 2022-06-23 23:52:43 CEST.
Flavor | Version | Tinstall | Tcheck | Ttotal | Status | Flags |
---|---|---|---|---|---|---|
r-devel-linux-x86_64-debian-clang | 0.1.6 | 5.82 | 46.25 | 52.07 | OK | |
r-devel-linux-x86_64-debian-gcc | 0.1.6 | 5.29 | 34.81 | 40.10 | OK | |
r-devel-linux-x86_64-fedora-clang | 0.1.6 | 73.66 | WARN | |||
r-devel-linux-x86_64-fedora-gcc | 0.1.6 | 72.36 | WARN | |||
r-devel-windows-x86_64 | 0.1.6 | 14.00 | 70.00 | 84.00 | OK | |
r-patched-linux-x86_64 | 0.1.6 | 4.95 | 44.45 | 49.40 | OK | |
r-release-linux-x86_64 | 0.1.6 | 6.68 | 44.04 | 50.72 | OK | |
r-release-macos-arm64 | 0.1.6 | 22.00 | OK | |||
r-release-macos-x86_64 | 0.1.6 | 36.00 | OK | |||
r-release-windows-x86_64 | 0.1.6 | 16.00 | 71.00 | 87.00 | OK | |
r-oldrel-macos-arm64 | 0.1.6 | 31.00 | OK | |||
r-oldrel-macos-x86_64 | 0.1.6 | 57.00 | OK | |||
r-oldrel-windows-ix86+x86_64 | 0.1.6 | 16.00 | 63.00 | 79.00 | OK |
Version: 0.1.6
Check: package dependencies
Result: WARN
Requires orphaned package: ‘gtools’
Flavors: r-devel-linux-x86_64-fedora-clang, r-devel-linux-x86_64-fedora-gcc