CRAN Package Check Results for Package nanop

Last updated on 2019-03-18 02:48:33 CET.

Flavor Version Tinstall Tcheck Ttotal Status Flags
r-devel-linux-x86_64-debian-clang 2.0-6 8.90 54.98 63.88 OK
r-devel-linux-x86_64-debian-gcc 2.0-6 7.13 40.71 47.84 OK
r-devel-linux-x86_64-fedora-clang 2.0-6 75.65 NOTE
r-devel-linux-x86_64-fedora-gcc 2.0-6 77.96 NOTE
r-devel-windows-ix86+x86_64 2.0-6 25.00 80.00 105.00 OK
r-patched-linux-x86_64 2.0-6 7.82 53.87 61.69 OK
r-patched-solaris-x86 2.0-6 123.20 OK
r-release-linux-x86_64 2.0-6 7.61 52.97 60.58 OK
r-release-windows-ix86+x86_64 2.0-6 20.00 93.00 113.00 OK
r-release-osx-x86_64 2.0-6 OK
r-oldrel-windows-ix86+x86_64 2.0-6 10.00 126.00 136.00 OK
r-oldrel-osx-x86_64 2.0-6 OK

Check Details

Version: 2.0-6
Check: compiled code
Result: NOTE
    File ‘nanop/libs/nanop.so’:
     Found no calls to: ‘R_registerRoutines’, ‘R_useDynamicSymbols’
    
    It is good practice to register native routines and to disable symbol
    search.
    
    See ‘Writing portable packages’ in the ‘Writing R Extensions’ manual.
Flavors: r-devel-linux-x86_64-fedora-clang, r-devel-linux-x86_64-fedora-gcc