CRAN Package Check Results for Package nandb

Last updated on 2019-03-22 02:47:12 CET.

Flavor Version Tinstall Tcheck Ttotal Status Flags
r-devel-linux-x86_64-debian-clang 2.0.0 35.47 252.08 287.55 OK
r-devel-linux-x86_64-debian-gcc 2.0.0 26.99 182.04 209.03 OK
r-devel-linux-x86_64-fedora-clang 2.0.0 371.91 NOTE
r-devel-linux-x86_64-fedora-gcc 2.0.0 347.47 NOTE
r-devel-windows-ix86+x86_64 2.0.0 95.00 440.00 535.00 OK
r-patched-linux-x86_64 2.0.0 30.34 240.08 270.42 OK
r-patched-solaris-x86 2.0.0 492.70 NOTE
r-release-linux-x86_64 2.0.0 31.22 237.49 268.71 OK
r-release-windows-ix86+x86_64 2.0.0 56.00 364.00 420.00 OK
r-release-osx-x86_64 2.0.0 NOTE
r-oldrel-windows-ix86+x86_64 2.0.0 91.00 562.00 653.00 OK
r-oldrel-osx-x86_64 2.0.0 NOTE

Check Details

Version: 2.0.0
Check: dependencies in R code
Result: NOTE
    Namespaces in Imports field not imported from:
     ‘MASS’ ‘stats’
     All declared Imports should be used.
Flavors: r-devel-linux-x86_64-fedora-clang, r-devel-linux-x86_64-fedora-gcc, r-patched-solaris-x86, r-release-osx-x86_64, r-oldrel-osx-x86_64