Last updated on 2023-03-29 00:57:14 CEST.
Flavor | Version | Tinstall | Tcheck | Ttotal | Status | Flags |
---|---|---|---|---|---|---|
r-devel-linux-x86_64-debian-clang | 2.4.1 | 7.60 | 112.31 | 119.91 | OK | |
r-devel-linux-x86_64-debian-gcc | 2.4.1 | 6.61 | 82.06 | 88.67 | OK | |
r-devel-linux-x86_64-fedora-clang | 2.4.1 | 143.54 | OK | |||
r-devel-linux-x86_64-fedora-gcc | 2.4.1 | 150.01 | OK | |||
r-devel-windows-x86_64 | 2.4.1 | 25.00 | 0.00 | 25.00 | OK | |
r-patched-linux-x86_64 | 2.4.1 | 6.83 | 105.05 | 111.88 | OK | |
r-release-linux-x86_64 | 2.4.1 | 7.63 | 106.53 | 114.16 | OK | |
r-release-macos-arm64 | 2.4.1 | 44.00 | OK | |||
r-release-macos-x86_64 | 2.4.1 | 57.00 | OK | |||
r-release-windows-x86_64 | 2.4.1 | 28.00 | 151.00 | 179.00 | OK | |
r-oldrel-macos-arm64 | 2.4.1 | 47.00 | OK | |||
r-oldrel-macos-x86_64 | 2.4.1 | 60.00 | OK | |||
r-oldrel-windows-ix86+x86_64 | 2.4.1 | 19.00 | 140.00 | 159.00 | NOTE |
Version: 2.4.1
Check: dependencies in R code
Result: NOTE
Initiating curl with CURL_SSL_BACKEND: openssl
Flavor: r-oldrel-windows-ix86+x86_64