CRAN Package Check Results for Package mwshiny

Last updated on 2022-08-06 22:59:33 CEST.

Flavor Version Tinstall Tcheck Ttotal Status Flags
r-devel-linux-x86_64-debian-clang 2.1.0 4.13 44.49 48.62 NOTE
r-devel-linux-x86_64-debian-gcc 2.1.0 3.40 34.74 38.14 NOTE
r-devel-linux-x86_64-fedora-clang 2.1.0 71.96 NOTE
r-devel-linux-x86_64-fedora-gcc 2.1.0 67.09 NOTE
r-devel-windows-x86_64 2.1.0 12.00 74.00 86.00 NOTE
r-patched-linux-x86_64 2.1.0 3.78 42.61 46.39 NOTE
r-release-linux-x86_64 2.1.0 3.93 42.39 46.32 NOTE
r-release-macos-arm64 2.1.0 22.00 NOTE
r-release-macos-x86_64 2.1.0 46.00 NOTE
r-release-windows-x86_64 2.1.0 11.00 76.00 87.00 NOTE
r-oldrel-macos-arm64 2.1.0 31.00 NOTE
r-oldrel-macos-x86_64 2.1.0 44.00 NOTE
r-oldrel-windows-ix86+x86_64 2.1.0 11.00 69.00 80.00 NOTE

Check Details

Version: 2.1.0
Check: LazyData
Result: NOTE
     'LazyData' is specified without a 'data' directory
Flavors: r-devel-linux-x86_64-debian-clang, r-devel-linux-x86_64-debian-gcc, r-devel-linux-x86_64-fedora-clang, r-devel-linux-x86_64-fedora-gcc, r-devel-windows-x86_64, r-patched-linux-x86_64, r-release-linux-x86_64, r-release-macos-arm64, r-release-macos-x86_64, r-release-windows-x86_64, r-oldrel-macos-arm64, r-oldrel-macos-x86_64, r-oldrel-windows-ix86+x86_64